-- https://www.phpmyadmin.net/
--
-- Hôte : localhost:3306
-- Généré le : ven. 11 juil. 2025 à 10:54
-- Version du serveur : 10.6.22-MariaDB-0ubuntu0.22.04.1
-- Version de PHP : 8.3.11

START TRANSACTION;



--
-- Base de données : `polyclinicrec_ecole`
--

-- --------------------------------------------------------

--
-- Structure de la table `agent`
--

CREATE TABLE `agent` (
  `idA` int(11) NOT NULL,
  `nomA` varchar(70) NOT NULL,
  `sexA` varchar(20) NOT NULL,
  `civA` varchar(50) NOT NULL,
  `telA` varchar(50) NOT NULL,
  `adA` varchar(50) NOT NULL,
  `foncA` varchar(50) NOT NULL,
  `nivA` varchar(50) NOT NULL,
  `salA` double(11,2) NOT NULL,
  `imgA` varchar(150) NOT NULL DEFAULT 'user.png',
  `etatA` varchar(50) NOT NULL
) ENGINE=InnoDB DEFAULT CHARSET=utf8mb4 COLLATE=utf8mb4_general_ci;

-- --------------------------------------------------------

--
-- Structure de la table `avance`
--

CREATE TABLE `avance` (
  `idAv` int(11) NOT NULL,
  `idA` int(11) NOT NULL,
  `motif` varchar(50) NOT NULL,
  `mtAv` double(11,2) NOT NULL,
  `mAv` varchar(20) NOT NULL,
  `aAv` varchar(20) NOT NULL,
  `dateAv` datetime NOT NULL DEFAULT current_timestamp()
) ENGINE=InnoDB DEFAULT CHARSET=utf8mb4 COLLATE=utf8mb4_general_ci;

-- --------------------------------------------------------

--
-- Structure de la table `conge`
--

CREATE TABLE `conge` (
  `idC` int(11) NOT NULL,
  `idA` int(11) NOT NULL,
  `motif` varchar(50) NOT NULL,
  `deb` date NOT NULL,
  `fin` date NOT NULL,
  `mC` varchar(20) NOT NULL,
  `aC` varchar(20) NOT NULL,
  `ret` double(11,2) NOT NULL,
  `etatC` varchar(50) NOT NULL,
  `dateC` datetime NOT NULL DEFAULT current_timestamp()
) ENGINE=InnoDB DEFAULT CHARSET=utf8mb4 COLLATE=utf8mb4_general_ci;

-- --------------------------------------------------------

--
-- Structure de la table `depense`
--

CREATE TABLE `depense` (
  `idDep` int(11) NOT NULL,
  `idUser` int(11) NOT NULL,
  `idLd` int(11) NOT NULL,
  `motif` varchar(120) NOT NULL,
  `tarif` double(11,2) NOT NULL,
  `dateDep` datetime NOT NULL DEFAULT current_timestamp()
) ENGINE=InnoDB DEFAULT CHARSET=utf8mb4 COLLATE=utf8mb4_general_ci;

-- --------------------------------------------------------

--
-- Structure de la table `lignedepense`
--

CREATE TABLE `lignedepense` (
  `idLd` int(11) NOT NULL,
  `idA` int(11) NOT NULL,
  `designLd` varchar(120) NOT NULL,
  `tarifLd` double(11,2) NOT NULL
) ENGINE=InnoDB DEFAULT CHARSET=utf8mb4 COLLATE=utf8mb4_general_ci;

-- --------------------------------------------------------

--
-- Structure de la table `pargrh`
--

CREATE TABLE `pargrh` (
  `idPar` int(11) NOT NULL,
  `retC` double(11,2) NOT NULL,
  `retJ` double(11,2) NOT NULL,
  `retF` double(11,2) NOT NULL,
  `retO` double(11,2) NOT NULL,
  `impot` double(11,2) NOT NULL,
  `indem` double(11,2) NOT NULL,
  `hCom` time NOT NULL,
  `hFerm` time NOT NULL,
  `delO` time NOT NULL,
  `nbrJ` int(11) NOT NULL,
  `idAn` int(11) NOT NULL
) ENGINE=InnoDB DEFAULT CHARSET=utf8mb4 COLLATE=utf8mb4_general_ci;

--
-- Déchargement des données de la table `pargrh`
--

INSERT INTO `pargrh` (`idPar`, `retC`, `retJ`, `retF`, `retO`, `impot`, `indem`, `hCom`, `hFerm`, `delO`, `nbrJ`, `idAn`) VALUES
(1, 0.00, 0.00, 0.00, 0.00, 0.15, 0.00, '08:00:00', '13:00:00', '08:15:00', 21, 1);

-- --------------------------------------------------------

--
-- Structure de la table `presence`
--

CREATE TABLE `presence` (
  `idP` int(11) NOT NULL,
  `idA` int(11) NOT NULL,
  `hA` time NOT NULL,
  `hS` time NOT NULL,
  `rha` double(11,2) NOT NULL,
  `rhs` double(11,2) NOT NULL,
  `mP` varchar(20) NOT NULL,
  `aP` varchar(20) NOT NULL,
  `eP` int(11) NOT NULL,
  `dateP` datetime NOT NULL DEFAULT current_timestamp()
) ENGINE=InnoDB DEFAULT CHARSET=utf8mb4 COLLATE=utf8mb4_general_ci;

-- --------------------------------------------------------

--
-- Structure de la table `salaire`
--

CREATE TABLE `salaire` (
  `idS` int(11) NOT NULL,
  `idA` int(11) NOT NULL,
  `jour` int(11) NOT NULL,
  `retN` double(11,2) NOT NULL,
  `avN` double(11,2) NOT NULL,
  `imp` double(11,2) NOT NULL,
  `logem` double(11,2) NOT NULL,
  `trans` double(11,2) NOT NULL,
  `prime` double(11,2) NOT NULL,
  `ipr` double(11,2) NOT NULL,
  `netS` double(11,2) NOT NULL,
  `mS` varchar(20) NOT NULL,
  `aS` varchar(20) NOT NULL,
  `dateS` datetime NOT NULL DEFAULT current_timestamp()
) ENGINE=InnoDB DEFAULT CHARSET=utf8mb4 COLLATE=utf8mb4_general_ci;

-- --------------------------------------------------------

--
-- Structure de la table `t_aff_jury`
--

CREATE TABLE `t_aff_jury` (
  `idAJ` int(11) NOT NULL,
  `idJ` int(11) NOT NULL,
  `idC` int(11) NOT NULL,
  `dateAJ` date NOT NULL DEFAULT current_timestamp()
) ENGINE=InnoDB DEFAULT CHARSET=utf8mb4 COLLATE=utf8mb4_general_ci;

-- --------------------------------------------------------

--
-- Structure de la table `t_an`
--

CREATE TABLE `t_an` (
  `idA` int(11) NOT NULL,
  `designA` varchar(100) NOT NULL
) ENGINE=InnoDB DEFAULT CHARSET=utf8mb4 COLLATE=utf8mb4_general_ci;

--
-- Déchargement des données de la table `t_an`
--

INSERT INTO `t_an` (`idA`, `designA`) VALUES
(1, '2023-2024'),
(2, '2024-2025');

-- --------------------------------------------------------

--
-- Structure de la table `t_autsortie`
--

CREATE TABLE `t_autsortie` (
  `idAut` int(11) NOT NULL,
  `idI` int(11) NOT NULL,
  `motif` varchar(200) NOT NULL,
  `hS` time NOT NULL,
  `statut` varchar(20) NOT NULL,
  `dateA` date NOT NULL DEFAULT current_timestamp()
) ENGINE=InnoDB DEFAULT CHARSET=utf8mb4 COLLATE=utf8mb4_general_ci;

--
-- Déchargement des données de la table `t_autsortie`
--

INSERT INTO `t_autsortie` (`idAut`, `idI`, `motif`, `hS`, `statut`, `dateA`) VALUES
(1, 1, 'Sortie pour maladie', '17:54:11', 'En attente', '2024-05-07');

-- --------------------------------------------------------

--
-- Structure de la table `t_categ`
--

CREATE TABLE `t_categ` (
  `idCat` int(11) NOT NULL,
  `designCat` varchar(100) NOT NULL,
  `niveauCat` varchar(100) NOT NULL
) ENGINE=InnoDB DEFAULT CHARSET=utf8mb4 COLLATE=utf8mb4_general_ci;

--
-- Déchargement des données de la table `t_categ`
--

INSERT INTO `t_categ` (`idCat`, `designCat`, `niveauCat`) VALUES
(1, 'DOMAINE DE L\'UNIVERS SOCIAL ET ENVIRONNEMENT', '3'),
(2, 'DOMAINE DES LANGUES', '1'),
(3, 'DOMAINE DES LANGUES - EB', '2'),
(4, 'DOMAINE DES ARTS', '4'),
(5, 'DOMAINE DU DEVELOPPEMENT PERSONNEL', '5'),
(6, 'DOMAINE DES MATHEMATIQUES, SCIENCES ET TECHNOLOGIE', '2'),
(7, 'GROUPE I', '1'),
(8, 'GROUPE II', '2'),
(9, 'GROUPE III', '3'),
(10, 'GROUPE IV', '4'),
(11, 'DOMAINE DES SCIENCES - EB', '1'),
(12, 'DOMAINE DE L\'UNIVERS SOCIAL ET ENVIRONNEMENT - EB', '3'),
(13, 'DOMAINE DES ARTS - EB', '4'),
(14, 'DOMAINE DU DEVELOPPEMENT PERSONNEL - EB', '5'),
(15, 'DOMAINE I', '1'),
(16, 'DOMAINE II', '2'),
(17, 'DOMAINE III', '3'),
(18, 'DOMAINE IV', '4'),
(19, 'DOMAINE V', '5'),
(20, 'DOMAINE VI', '6'),
(21, 'DOMAINE VII', '7'),
(22, 'DOMAINE VIII', '8'),
(23, 'DOMAINE IX', '9'),
(24, 'DOMAINE X', '10'),
(25, 'DOMAINE DES SCIENCES - HUM', '1'),
(26, 'DOMAINE DES LANGUES - HUM', '2'),
(27, 'DOMAINE DE L\'UNIVERS SOCIAL ET ENVIRONNEMENT', '3'),
(28, 'DOMAINE DE L\'UNIVERS SOCIAL ET ENVIRONNEMENT - HUM', '3'),
(29, 'DOMAINE DU DEVELOPPEMENT PERSONNEL - HUM', '4');

-- --------------------------------------------------------

--
-- Structure de la table `t_classe`
--

CREATE TABLE `t_classe` (
  `idC` int(11) NOT NULL,
  `idO` int(11) NOT NULL,
  `design` varchar(100) NOT NULL,
  `sec` varchar(100) NOT NULL,
  `ord` varchar(10) NOT NULL
) ENGINE=InnoDB DEFAULT CHARSET=utf8mb4 COLLATE=utf8mb4_general_ci;

--
-- Déchargement des données de la table `t_classe`
--

INSERT INTO `t_classe` (`idC`, `idO`, `design`, `sec`, `ord`) VALUES
(1, 1, '1ere', 'Maternelle', 'A'),
(2, 1, '2ème', 'Maternelle', 'A'),
(3, 1, '3ème', 'Maternelle', 'A'),
(4, 1, '3ème', 'Maternelle', 'B'),
(5, 1, '1ère', 'Maternelle', 'B'),
(6, 1, '2ème', 'Maternelle', 'B'),
(7, 1, '3ème', 'Maternelle', 'C'),
(8, 1, '3ème', 'Maternelle', 'D'),
(9, 2, '1ère', 'Primaire', 'A'),
(10, 2, '1ère', 'Primaire', 'B'),
(11, 2, '2ème', 'Primaire', 'A'),
(12, 2, '2ème', 'Primaire', 'B'),
(13, 2, '3ème', 'Primaire', 'A'),
(14, 2, '3ème', 'Primaire', 'B'),
(15, 2, '4ème', 'Primaire', 'A'),
(16, 2, '4ème', 'Primaire', 'B'),
(17, 2, '5ème', 'Primaire', 'A'),
(18, 2, '5ème', 'Primaire', 'B'),
(19, 2, '6ème', 'Primaire', 'A'),
(20, 2, '1ère', 'Primaire', 'C'),
(21, 2, '1ère', 'Primaire', 'D'),
(22, 2, '2ème', 'Primaire', 'C'),
(23, 2, '3ème', 'Primaire', 'C'),
(24, 2, '4ème', 'Primaire', 'C'),
(25, 2, '5ème', 'Primaire', 'C'),
(26, 2, '6ème', 'Primaire', 'B'),
(27, 3, '7ème', 'Secondaire', 'A'),
(28, 3, '7ème', 'Secondaire', 'B'),
(29, 3, '8ème', 'Secondaire', 'A'),
(30, 3, '8ème', 'Secondaire', 'B'),
(31, 3, '8ème', 'Secondaire', 'C'),
(32, 3, '7ème', 'Secondaire', 'C'),
(33, 4, '1ère', 'Secondaire', 'A'),
(34, 5, '1ère', 'Secondaire', 'A'),
(35, 6, '1ère', 'Secondaire', 'A'),
(36, 7, '1ère', 'Secondaire', 'A'),
(37, 8, '1ère', 'Secondaire', 'A'),
(38, 4, '2ème', 'Secondaire', 'A'),
(39, 5, '2ème', 'Secondaire', 'A'),
(40, 7, '2ème', 'Secondaire', 'A'),
(41, 6, '2ème', 'Secondaire', 'A'),
(42, 8, '2ème', 'Secondaire', 'A'),
(43, 4, '3ème', 'Secondaire', 'A'),
(44, 5, '3ème', 'Secondaire', 'A'),
(45, 7, '3ème', 'Secondaire', 'A'),
(46, 6, '3ème', 'Secondaire', 'A'),
(47, 8, '3ème', 'Secondaire', 'A'),
(48, 4, '4ème', 'Secondaire', 'A'),
(49, 5, '4ème', 'Secondaire', 'A'),
(50, 7, '4ème', 'Secondaire', 'A'),
(51, 6, '4ème', 'Secondaire', 'A'),
(52, 8, '4ème', 'Secondaire', 'A');

-- --------------------------------------------------------

--
-- Structure de la table `t_cond_mat`
--

CREATE TABLE `t_cond_mat` (
  `idCM` int(11) NOT NULL,
  `idI` int(11) NOT NULL,
  `idC` int(11) NOT NULL,
  `idA` int(11) NOT NULL,
  `P1` varchar(10) NOT NULL,
  `P2` varchar(10) DEFAULT NULL,
  `P3` varchar(10) DEFAULT NULL
) ENGINE=InnoDB DEFAULT CHARSET=utf8mb4 COLLATE=utf8mb4_general_ci;

-- --------------------------------------------------------

--
-- Structure de la table `t_cond_pri`
--

CREATE TABLE `t_cond_pri` (
  `idCP` int(11) NOT NULL,
  `idI` int(11) NOT NULL,
  `idC` int(11) NOT NULL,
  `idA` int(11) NOT NULL,
  `P1` varchar(10) DEFAULT NULL,
  `P2` varchar(10) DEFAULT NULL,
  `P3` varchar(10) DEFAULT NULL,
  `P4` varchar(10) DEFAULT NULL,
  `P5` varchar(10) DEFAULT NULL,
  `P6` varchar(10) DEFAULT NULL
) ENGINE=InnoDB DEFAULT CHARSET=utf8mb4 COLLATE=utf8mb4_general_ci;

-- --------------------------------------------------------

--
-- Structure de la table `t_cond_sec`
--

CREATE TABLE `t_cond_sec` (
  `idCP` int(11) NOT NULL,
  `idI` int(11) NOT NULL,
  `idC` int(11) NOT NULL,
  `idA` int(11) NOT NULL,
  `P1` varchar(10) DEFAULT NULL,
  `P2` varchar(10) DEFAULT NULL,
  `P3` varchar(10) DEFAULT NULL,
  `P4` varchar(10) DEFAULT NULL
) ENGINE=InnoDB DEFAULT CHARSET=utf8mb4 COLLATE=utf8mb4_general_ci;

-- --------------------------------------------------------

--
-- Structure de la table `t_cote_mat`
--

CREATE TABLE `t_cote_mat` (
  `idCM` int(11) NOT NULL,
  `idI` int(11) NOT NULL,
  `idCours` int(11) NOT NULL,
  `coteP1` double DEFAULT NULL,
  `coteP2` double DEFAULT NULL,
  `coteP3` double DEFAULT NULL
) ENGINE=InnoDB DEFAULT CHARSET=utf8mb4 COLLATE=utf8mb4_general_ci;

-- --------------------------------------------------------

--
-- Structure de la table `t_cote_pri`
--

CREATE TABLE `t_cote_pri` (
  `idCP` int(11) NOT NULL,
  `idI` int(11) NOT NULL,
  `idCours` int(11) NOT NULL,
  `coteP1` double DEFAULT NULL,
  `coteP2` double DEFAULT NULL,
  `coteEx1` double DEFAULT NULL,
  `coteP3` double DEFAULT NULL,
  `coteP4` double DEFAULT NULL,
  `coteEx2` double DEFAULT NULL,
  `coteP5` double DEFAULT NULL,
  `coteP6` double DEFAULT NULL,
  `coteEx3` double DEFAULT NULL
) ENGINE=InnoDB DEFAULT CHARSET=utf8mb4 COLLATE=utf8mb4_general_ci;

-- --------------------------------------------------------

--
-- Structure de la table `t_cote_sec`
--

CREATE TABLE `t_cote_sec` (
  `idCP` int(11) NOT NULL,
  `idI` int(11) NOT NULL,
  `idCours` int(11) NOT NULL,
  `coteP1` double DEFAULT NULL,
  `coteP2` double DEFAULT NULL,
  `coteEx1` double DEFAULT NULL,
  `coteP3` double DEFAULT NULL,
  `coteP4` double DEFAULT NULL,
  `coteEx2` double DEFAULT NULL
) ENGINE=InnoDB DEFAULT CHARSET=utf8mb4 COLLATE=utf8mb4_general_ci;

-- --------------------------------------------------------

--
-- Structure de la table `t_cours`
--

CREATE TABLE `t_cours` (
  `idCours` int(11) NOT NULL,
  `idEns` int(11) NOT NULL,
  `idC` int(11) NOT NULL,
  `idA` int(11) NOT NULL,
  `idSC` int(11) NOT NULL,
  `designCours` varchar(100) NOT NULL,
  `maxPer` double NOT NULL,
  `maxEx` double NOT NULL,
  `typeCours` varchar(100) NOT NULL
) ENGINE=InnoDB DEFAULT CHARSET=utf8mb4 COLLATE=utf8mb4_general_ci;

--
-- Déchargement des données de la table `t_cours`
--

INSERT INTO `t_cours` (`idCours`, `idEns`, `idC`, `idA`, `idSC`, `designCours`, `maxPer`, `maxEx`, `typeCours`) VALUES
(1, 1, 9, 1, 4, 'Expression Orale (AN)', 20, 40, 'Période + Ex'),
(2, 1, 9, 1, 1, 'Vocabulaire', 10, 20, 'Période + Ex'),
(3, 1, 9, 1, 4, 'Expression Ecrite (AN)', 20, 40, 'Période + Ex'),
(4, 1, 9, 1, 1, 'Expression Orale (FR)', 20, 40, 'Période + Ex'),
(5, 1, 9, 1, 9, 'Lecture et écriture (FR)', 10, 20, 'Période + Ex'),
(6, 1, 9, 1, 2, 'Mesures des grandeurs', 10, 20, 'Période + Ex'),
(7, 1, 9, 1, 2, 'Formes géométriques', 10, 20, 'Période + Ex'),
(8, 1, 9, 1, 2, 'Numération', 20, 40, 'Période + Ex'),
(9, 1, 9, 1, 2, 'Opérations', 20, 40, 'Période + Ex'),
(10, 1, 9, 1, 2, 'Problèmes', 10, 20, 'Période + Ex'),
(11, 1, 9, 1, 3, 'Sciences d\'éveil', 20, 40, 'Période + Ex'),
(12, 1, 9, 1, 5, 'Informatique', 10, 20, 'Période + Ex'),
(13, 1, 9, 1, 6, 'Ed. Civ. & Morale', 10, 20, 'Période + Ex'),
(14, 1, 9, 1, 6, 'Ed. Santé & Env.', 10, 20, 'Période + Ex'),
(15, 1, 9, 1, 7, 'Arts plastiques', 10, 20, 'Période + Ex'),
(16, 1, 9, 1, 7, 'Arts dramatiques', 10, 20, 'Période + Ex'),
(17, 1, 9, 1, 8, 'Ed. phys. & sports', 10, 20, 'Période + Ex'),
(18, 1, 9, 1, 8, 'Init. Trav. Prod.', 10, 20, 'Période + Ex'),
(19, 1, 9, 1, 8, 'Religion', 10, 20, 'Période + Ex'),
(20, 1, 10, 1, 4, 'Expression Orale (AN)', 20, 40, 'Période + Ex'),
(21, 1, 10, 1, 4, 'Expression Ecrite (AN)', 20, 40, 'Période + Ex'),
(22, 1, 10, 1, 1, 'Vocabulaire', 10, 20, 'Période + Ex'),
(23, 1, 10, 1, 1, 'Expression Orale (FR)', 20, 40, 'Période + Ex'),
(24, 1, 10, 1, 9, 'Lecture et écriture (FR) ', 10, 20, 'Période + Ex'),
(25, 1, 10, 1, 2, 'Mesures des grandeurs', 10, 20, 'Période + Ex'),
(26, 1, 10, 1, 2, 'Formes géométriques', 10, 20, 'Période + Ex'),
(27, 1, 10, 1, 2, 'Numération', 20, 40, 'Période + Ex'),
(28, 1, 10, 1, 2, 'Opérations', 20, 40, 'Période + Ex'),
(29, 1, 10, 1, 2, 'Problèmes', 10, 20, 'Période + Ex'),
(30, 1, 10, 1, 3, 'Sciences d\'éveil', 20, 40, 'Période + Ex'),
(31, 1, 10, 1, 5, 'Informatique', 10, 20, 'Période + Ex'),
(32, 1, 10, 1, 6, 'Ed. Civ. & Morale', 10, 20, 'Période + Ex'),
(33, 1, 10, 1, 6, 'Ed. Santé & Env.', 10, 20, 'Période + Ex'),
(34, 1, 10, 1, 7, 'Arts dramatiques', 10, 20, 'Période + Ex'),
(35, 1, 10, 1, 7, 'Arts plastiques', 10, 20, 'Période + Ex'),
(36, 1, 10, 1, 8, 'Ed. phys. & sports', 10, 20, 'Période + Ex'),
(37, 1, 10, 1, 8, 'Init. Trav. Prod.', 10, 20, 'Période + Ex'),
(38, 1, 10, 1, 8, 'Religion', 10, 20, 'Période + Ex'),
(39, 1, 20, 1, 4, 'Expression Orale (AN)', 20, 40, 'Période + Ex'),
(40, 1, 20, 1, 4, 'Expression Ecrite (AN)', 20, 40, 'Période + Ex'),
(41, 1, 20, 1, 1, 'Vocabulaire', 10, 20, 'Période + Ex'),
(42, 1, 20, 1, 1, 'Expression Orale (FR)', 20, 40, 'Période + Ex'),
(43, 1, 20, 1, 9, 'Lecture et écriture (FR)', 10, 20, 'Période + Ex'),
(44, 1, 20, 1, 2, 'Mesures des grandeurs', 10, 20, 'Période + Ex'),
(45, 1, 20, 1, 2, 'Formes géométriques', 10, 20, 'Période + Ex'),
(46, 1, 20, 1, 2, 'Numération', 20, 40, 'Période + Ex'),
(47, 1, 20, 1, 2, 'Opérations', 20, 40, 'Période + Ex'),
(48, 1, 20, 1, 2, 'Problèmes', 20, 40, 'Période + Ex'),
(49, 1, 20, 1, 3, 'Sciences d\'éveil', 20, 40, 'Période + Ex'),
(50, 1, 20, 1, 5, 'Informatique', 10, 20, 'Période + Ex'),
(51, 1, 20, 1, 6, 'Ed. Civ. & Morale', 10, 20, 'Période + Ex'),
(52, 1, 20, 1, 6, 'Ed. Santé & Env.', 10, 20, 'Période + Ex'),
(53, 1, 20, 1, 7, 'Arts dramatiques', 10, 20, 'Période + Ex'),
(54, 1, 20, 1, 7, 'Arts plastiques', 10, 20, 'Période + Ex'),
(55, 1, 20, 1, 8, 'Ed. phys. & sports', 10, 20, 'Période + Ex'),
(56, 1, 20, 1, 8, 'Init. Trav. Prod.', 10, 20, 'Période + Ex'),
(57, 1, 20, 1, 4, 'Religion', 10, 20, 'Période + Ex'),
(58, 1, 21, 1, 4, 'Expression Ecrite (AN)', 20, 40, 'Période + Ex'),
(59, 1, 21, 1, 4, 'Expression Orale (AN)', 20, 40, 'Période + Ex'),
(60, 1, 21, 1, 1, 'Vocabulaire', 10, 20, 'Période + Ex'),
(61, 1, 21, 1, 1, 'Expression Orale (FR)', 20, 40, 'Période + Ex'),
(62, 1, 21, 1, 9, 'Lecture et écriture (FR)', 10, 20, 'Période + Ex'),
(63, 1, 21, 1, 2, 'Mesures des grandeurs', 10, 20, 'Période + Ex'),
(64, 1, 21, 1, 2, 'Formes géométriques', 10, 20, 'Période + Ex'),
(65, 1, 21, 1, 2, 'Numération', 20, 40, 'Période + Ex'),
(66, 1, 21, 1, 2, 'Opérations', 20, 40, 'Période + Ex'),
(67, 1, 21, 1, 2, 'Problèmes', 10, 40, 'Période + Ex'),
(68, 1, 21, 1, 3, 'Sciences d\'éveil', 20, 40, 'Période + Ex'),
(69, 1, 21, 1, 5, 'Informatique', 10, 20, 'Période + Ex'),
(70, 1, 21, 1, 6, 'Ed. Civ. & Morale', 10, 20, 'Période + Ex'),
(71, 1, 21, 1, 6, 'Ed. Santé & Env.', 10, 20, 'Période + Ex'),
(72, 1, 21, 1, 7, 'Arts dramatiques', 10, 20, 'Période + Ex'),
(73, 1, 21, 1, 8, 'Ed. phys. & sports', 10, 20, 'Période + Ex'),
(74, 1, 21, 1, 8, 'Init. Trav. Prod.', 10, 20, 'Période + Ex'),
(75, 1, 21, 1, 8, 'Religion', 10, 20, 'Période + Ex'),
(76, 1, 11, 1, 4, 'Expression Orale (AN)', 20, 40, 'Période + Ex'),
(77, 1, 11, 1, 4, 'Expression Ecrite (AN)', 20, 40, 'Période + Ex'),
(78, 1, 11, 1, 1, 'Vocabulaire', 10, 20, 'Période + Ex'),
(79, 1, 11, 1, 1, 'Expression Orale (FR)', 20, 40, 'Période + Ex'),
(80, 1, 11, 1, 9, 'Lecture et écriture (FR)', 10, 20, 'Période + Ex'),
(81, 1, 11, 1, 2, 'Mesures des grandeurs', 10, 20, 'Période + Ex'),
(82, 1, 11, 1, 2, 'Formes géométriques', 10, 20, 'Période + Ex'),
(83, 1, 11, 1, 2, 'Numération', 20, 40, 'Période + Ex'),
(84, 1, 11, 1, 2, 'Opérations', 20, 40, 'Période + Ex'),
(85, 1, 11, 1, 2, 'Problèmes', 10, 20, 'Période + Ex'),
(86, 1, 11, 1, 3, 'Sciences d\'éveil', 20, 40, 'Période + Ex'),
(87, 1, 11, 1, 5, 'Informatique', 10, 20, 'Période + Ex'),
(88, 1, 11, 1, 6, 'Ed. Civ. & Morale', 10, 20, 'Période + Ex'),
(89, 1, 11, 1, 6, 'Ed. Santé & Env.', 10, 20, 'Période + Ex'),
(90, 1, 11, 1, 7, 'Arts dramatiques', 10, 20, 'Période + Ex'),
(91, 1, 11, 1, 7, 'Arts plastiques', 10, 20, 'Période + Ex'),
(92, 1, 11, 1, 8, 'Ed. phys. & sports', 10, 20, 'Période + Ex'),
(93, 1, 11, 1, 8, 'Init. Trav. Prod.', 10, 20, 'Période + Ex'),
(94, 1, 11, 1, 8, 'Religion', 10, 20, 'Période + Ex'),
(95, 1, 12, 1, 4, 'Expression Orale (AN)', 20, 40, 'Période + Ex'),
(96, 1, 12, 1, 4, 'Expression Ecrite (AN)', 20, 40, 'Période + Ex'),
(97, 1, 12, 1, 1, 'Vocabulaire', 10, 20, 'Période + Ex'),
(98, 1, 12, 1, 1, 'Expression Orale (FR)', 20, 40, 'Période + Ex'),
(99, 1, 12, 1, 9, 'Lecture et écriture (FR) ', 10, 20, 'Période + Ex'),
(100, 1, 12, 1, 2, 'Mesures des grandeurs', 10, 20, 'Période + Ex'),
(101, 1, 12, 1, 1, 'Formes géométriques', 10, 20, 'Période + Ex'),
(102, 1, 12, 1, 1, 'Formes géométriques', 10, 20, 'Période + Ex'),
(103, 1, 12, 1, 1, 'Formes géométriques', 10, 20, 'Période + Ex'),
(104, 1, 12, 1, 3, 'Technologie ', 10, 20, 'Période + Ex'),
(105, 1, 12, 1, 2, 'Numération', 20, 40, 'Période + Ex'),
(106, 1, 12, 1, 2, 'Opérations', 20, 40, 'Période + Ex'),
(107, 1, 12, 1, 1, 'Problèmes', 20, 40, 'Période + Ex'),
(108, 1, 12, 1, 3, 'Sciences d\'éveil', 20, 40, 'Période + Ex'),
(109, 1, 12, 1, 5, 'Informatique', 10, 20, 'Période + Ex'),
(110, 1, 12, 1, 6, 'Ed. Civ. & Morale', 10, 20, 'Période + Ex'),
(111, 1, 12, 1, 6, 'Ed. Santé & Env.', 10, 20, 'Période + Ex'),
(112, 1, 12, 1, 7, 'Arts dramatiques', 10, 20, 'Période + Ex'),
(113, 1, 12, 1, 7, 'Arts plastiques', 10, 20, 'Période + Ex'),
(114, 1, 12, 1, 8, 'Ed. phys. & sports', 10, 20, 'Période + Ex'),
(115, 1, 12, 1, 8, 'Init. Trav. Prod.', 10, 20, 'Période + Ex'),
(116, 1, 12, 1, 8, 'Religion', 10, 20, 'Période + Ex'),
(117, 1, 22, 1, 4, 'Expression Orale (AN)', 20, 40, 'Période + Ex'),
(118, 1, 22, 1, 4, 'Expression Ecrite (AN)', 20, 40, 'Période + Ex'),
(119, 1, 22, 1, 1, 'Vocabulaire', 10, 20, 'Période + Ex'),
(120, 1, 22, 1, 1, 'Expression Orale (FR)', 20, 40, 'Période + Ex'),
(121, 1, 22, 1, 9, 'Lecture et écriture ', 10, 20, 'Période + Ex'),
(122, 1, 22, 1, 2, 'Mesures des grandeurs', 10, 20, 'Période + Ex'),
(123, 1, 22, 1, 2, 'Formes géométriques', 10, 20, 'Période + Ex'),
(124, 1, 22, 1, 2, 'Numération', 20, 40, 'Période + Ex'),
(125, 1, 22, 1, 2, 'Opérations', 20, 40, 'Période + Ex'),
(126, 1, 22, 1, 2, 'Problèmes', 20, 40, 'Période + Ex'),
(127, 1, 22, 1, 3, 'Sciences d\'éveil', 20, 40, 'Période + Ex'),
(128, 1, 22, 1, 5, 'Informatique', 10, 20, 'Période + Ex'),
(129, 1, 22, 1, 6, 'Ed. Civ. & Morale', 10, 20, 'Période + Ex'),
(130, 1, 22, 1, 6, 'Ed. Santé & Env.', 10, 20, 'Période + Ex'),
(131, 1, 22, 1, 7, 'Arts dramatiques', 10, 20, 'Période + Ex'),
(132, 1, 22, 1, 7, 'Arts plastiques', 10, 20, 'Période + Ex'),
(133, 1, 22, 1, 8, 'Ed. phys. & sports', 10, 20, 'Période + Ex'),
(134, 1, 22, 1, 8, 'Init. Trav. Prod.', 10, 20, 'Période + Ex'),
(135, 1, 22, 1, 8, 'Religion', 10, 20, 'Période + Ex'),
(136, 1, 13, 1, 4, 'Exp. Orale & Vocab. (AN)', 10, 20, 'Période + Ex'),
(137, 1, 13, 1, 4, 'Grammaire & Conj. (AN)', 10, 20, 'Période + Ex'),
(138, 1, 13, 1, 4, 'Orth. & Rédaction (AN)', 5, 10, 'Période + Ex'),
(139, 1, 13, 1, 1, 'Exp. Orale - Récit. - Voc. (FR)', 10, 20, 'Période + Ex'),
(140, 1, 13, 1, 1, 'Orth. Phras. Ecrit. & Réd. (FR)', 10, 20, 'Période + Ex'),
(141, 1, 13, 1, 1, 'Gram. - Conj. - Analyse (FR)', 15, 30, 'Période + Ex'),
(142, 1, 13, 1, 9, 'Langue Anglaise', 30, 60, 'Période + Ex'),
(143, 1, 13, 1, 9, 'Langue française', 30, 60, 'Période + Ex'),
(144, 1, 13, 1, 2, 'Numération', 10, 20, 'Période + Ex'),
(145, 1, 13, 1, 2, 'Opérations', 10, 20, 'Période + Ex'),
(146, 1, 13, 1, 2, 'Mesures des grandeurs', 10, 20, 'Période + Ex'),
(147, 1, 13, 1, 2, 'Formes géométriques', 10, 20, 'Période + Ex'),
(148, 1, 13, 1, 2, 'Problèmes', 20, 40, 'Période + Ex'),
(149, 1, 13, 1, 3, 'Zoologie-Botanique', 10, 20, 'Période + Ex'),
(150, 1, 13, 1, 5, 'Informatique', 20, 40, 'Période + Ex'),
(151, 1, 13, 1, 6, 'Ed. Civ. & Morale', 10, 20, 'Période + Ex'),
(152, 1, 13, 1, 6, 'Ed. Santé & Env.', 10, 20, 'Période + Ex'),
(153, 1, 13, 1, 6, 'Géographie', 10, 20, 'Période + Ex'),
(154, 1, 13, 1, 6, 'Histoire', 10, 20, 'Période + Ex'),
(155, 1, 13, 1, 7, 'Arts dramatiques', 10, 20, 'Période + Ex'),
(156, 1, 13, 1, 7, 'Arts plastiques', 10, 20, 'Période + Ex'),
(157, 1, 13, 1, 8, 'Ed. phys. & sports', 10, 20, 'Période + Ex'),
(158, 1, 13, 1, 8, 'Init. Trav. Prod.', 10, 20, 'Période + Ex'),
(159, 1, 13, 1, 8, 'Religion', 10, 20, 'Période + Ex'),
(160, 1, 14, 1, 4, 'Exp. Orale & Vocab. (AN)', 10, 20, 'Période + Ex'),
(161, 1, 14, 1, 4, 'Grammaire & Conj. (AN)', 10, 20, 'Période + Ex'),
(162, 1, 14, 1, 4, 'Orth. & Rédaction (AN)', 5, 10, 'Période + Ex'),
(163, 1, 14, 1, 1, 'Exp. Orale - Récit. - Voc. (FR)', 10, 20, 'Période + Ex'),
(164, 1, 14, 1, 1, 'Orth. Phras. Ecrit. & Réd. (FR)', 10, 20, 'Période + Ex'),
(165, 1, 14, 1, 1, 'Gram. - Conj. - Analyse (FR)', 15, 30, 'Période + Ex'),
(166, 1, 14, 1, 9, 'Langue française', 30, 60, 'Période + Ex'),
(167, 1, 14, 1, 9, 'LECT-ECRIT EN LANGUES CONGOLAISES', 30, 60, 'Période + Ex'),
(168, 1, 14, 1, 2, 'Numération', 10, 20, 'Période + Ex'),
(169, 1, 14, 1, 2, 'Opérations', 10, 20, 'Période + Ex'),
(170, 1, 14, 1, 2, 'Mesures des grandeurs', 10, 20, 'Période + Ex'),
(171, 1, 14, 1, 2, 'Formes géométriques', 10, 20, 'Période + Ex'),
(172, 1, 14, 1, 4, 'Problèmes', 20, 40, 'Période + Ex'),
(173, 1, 14, 1, 3, 'Zoologie-Botanique', 10, 20, 'Période + Ex'),
(174, 1, 14, 1, 5, 'Informatique', 20, 40, 'Période + Ex'),
(175, 1, 14, 1, 6, 'Ed. Civ. & Morale', 10, 20, 'Période + Ex'),
(176, 1, 14, 1, 6, 'Ed. Santé & Env.', 10, 20, 'Période + Ex'),
(177, 1, 14, 1, 6, 'Géographie', 10, 20, 'Période + Ex'),
(178, 1, 14, 1, 6, 'Histoire', 10, 20, 'Période + Ex'),
(179, 1, 14, 1, 7, 'Arts dramatiques', 10, 20, 'Période + Ex'),
(180, 1, 14, 1, 7, 'Arts plastiques', 10, 20, 'Période + Ex'),
(181, 1, 14, 1, 8, 'Ed. phys. & sports', 10, 20, 'Période + Ex'),
(182, 1, 14, 1, 8, 'Init. Trav. Prod.', 10, 20, 'Période + Ex'),
(183, 1, 14, 1, 8, 'Religion', 10, 20, 'Période + Ex'),
(184, 1, 23, 1, 4, 'Exp. Orale & Vocab. (AN)', 10, 20, 'Période + Ex'),
(185, 1, 23, 1, 4, 'Grammaire & Conj. (AN)', 10, 20, 'Période + Ex'),
(186, 1, 23, 1, 4, 'Orth. & Rédaction (AN)', 5, 10, 'Période + Ex'),
(187, 1, 23, 1, 1, 'Exp. Orale - Récit. - Voc. (FR)', 10, 20, 'Période + Ex'),
(188, 1, 23, 1, 1, 'Orth. Phras. Ecrit. & Réd. (FR)', 10, 20, 'Période + Ex'),
(189, 1, 23, 1, 1, 'Gram. - Conj. - Analyse (FR)', 15, 30, 'Période + Ex'),
(190, 1, 23, 1, 9, 'Langue Anglaise', 30, 60, 'Période + Ex'),
(191, 1, 23, 1, 2, 'Numération', 10, 20, 'Période + Ex'),
(192, 1, 23, 1, 2, 'Opérations', 10, 20, 'Période + Ex'),
(193, 1, 23, 1, 2, 'Mesures des grandeurs', 10, 20, 'Période + Ex'),
(194, 1, 23, 1, 2, 'Formes géométriques', 10, 20, 'Période + Ex'),
(195, 1, 23, 1, 2, 'Problèmes', 20, 40, 'Période + Ex'),
(196, 1, 23, 1, 3, 'Zoologie-Botanique', 10, 20, 'Période + Ex'),
(197, 1, 23, 1, 5, 'Informatique', 20, 40, 'Période + Ex'),
(198, 1, 23, 1, 5, 'Informatique', 20, 40, 'Période + Ex'),
(199, 1, 23, 1, 6, 'Ed. Civ. & Morale', 10, 20, 'Période + Ex'),
(200, 1, 23, 1, 6, 'Ed. Santé & Env.', 10, 20, 'Période + Ex'),
(201, 1, 23, 1, 6, 'Géographie', 10, 20, 'Période + Ex'),
(202, 1, 23, 1, 6, 'Histoire', 10, 20, 'Période + Ex'),
(203, 1, 23, 1, 7, 'Arts dramatiques', 10, 20, 'Période + Ex'),
(204, 1, 23, 1, 7, 'Arts plastiques', 10, 20, 'Période + Ex'),
(205, 1, 23, 1, 8, 'Ed. phys. & sports', 10, 20, 'Période + Ex'),
(206, 1, 23, 1, 8, 'Init. Trav. Prod.', 10, 20, 'Période + Ex'),
(207, 1, 23, 1, 8, 'Religion', 10, 20, 'Période + Ex'),
(208, 1, 15, 1, 4, 'Exp. Orale & Vocab. (AN)', 10, 20, 'Période + Ex'),
(209, 1, 15, 1, 4, 'Grammaire & Conj. (AN)', 10, 20, 'Période + Ex'),
(210, 1, 15, 1, 4, 'Orth. & Rédaction (AN)', 5, 10, 'Période + Ex'),
(211, 1, 15, 1, 1, 'Exp. Orale - Récit. - Voc. (FR)', 10, 20, 'Période + Ex'),
(212, 1, 15, 1, 1, 'Gram. - Conj. - Analyse (FR)', 15, 30, 'Période + Ex'),
(213, 1, 15, 1, 9, 'Langue française', 30, 60, 'Période + Ex'),
(214, 1, 15, 1, 9, 'Langue Anglaise', 30, 60, 'Période + Ex'),
(215, 1, 23, 1, 9, 'Langue française', 30, 60, 'Période + Ex'),
(216, 1, 15, 1, 2, 'Numération', 10, 20, 'Période + Ex'),
(217, 1, 15, 1, 2, 'Opérations', 10, 20, 'Période + Ex'),
(218, 1, 15, 1, 2, 'Mesures des grandeurs', 10, 20, 'Période + Ex'),
(219, 1, 15, 1, 2, 'Formes géométriques', 10, 20, 'Période + Ex'),
(220, 1, 15, 1, 2, 'Problèmes', 20, 40, 'Période + Ex'),
(221, 1, 15, 1, 3, 'Zoologie-Botanique', 10, 20, 'Période + Ex'),
(222, 1, 15, 1, 5, 'Informatique', 20, 40, 'Période + Ex'),
(223, 1, 15, 1, 6, 'Ed. Civ. & Morale', 10, 20, 'Période + Ex'),
(224, 1, 15, 1, 6, 'Ed. Santé & Env.', 10, 20, 'Période + Ex'),
(225, 1, 15, 1, 6, 'Géographie', 10, 20, 'Période + Ex'),
(226, 1, 15, 1, 6, 'Histoire', 10, 20, 'Période + Ex'),
(227, 1, 15, 1, 7, 'Arts dramatiques', 10, 20, 'Période + Ex'),
(228, 1, 15, 1, 7, 'Arts plastiques', 10, 20, 'Période + Ex'),
(229, 1, 15, 1, 8, 'Ed. phys. & sports', 10, 20, 'Période + Ex'),
(230, 1, 15, 1, 8, 'Init. Trav. Prod.', 10, 20, 'Période + Ex'),
(231, 1, 15, 1, 8, 'Religion', 10, 20, 'Période + Ex'),
(232, 1, 16, 1, 4, 'Exp. Orale & Vocab. (AN)', 10, 20, 'Période + Ex'),
(233, 1, 16, 1, 4, 'Grammaire & Conj. (AN)', 10, 20, 'Période + Ex'),
(234, 1, 16, 1, 4, 'Orth. & Rédaction (AN)', 5, 10, 'Période + Ex'),
(235, 1, 16, 1, 1, 'Exp. Orale - Récit. - Voc. (FR)', 10, 20, 'Période + Ex'),
(236, 1, 16, 1, 1, 'Orth. Phras. Ecrit. & Réd. (FR)', 10, 20, 'Période + Ex'),
(237, 1, 16, 1, 1, 'Gram. - Conj. - Analyse (FR)', 15, 30, 'Période + Ex'),
(238, 1, 16, 1, 1, 'Gram. - Conj. - Analyse (FR)', 15, 30, 'Période + Ex'),
(239, 1, 16, 1, 9, 'Langue française', 30, 60, 'Période + Ex'),
(240, 1, 16, 1, 9, 'Langue Anglaise', 30, 60, 'Période + Ex'),
(241, 1, 16, 1, 2, 'Numération', 10, 20, 'Période + Ex'),
(242, 1, 16, 1, 2, 'Opérations', 10, 20, 'Période + Ex'),
(243, 1, 16, 1, 2, 'Mesures des grandeurs', 10, 20, 'Période + Ex'),
(244, 1, 16, 1, 2, 'Formes géométriques', 10, 20, 'Période + Ex'),
(245, 1, 16, 1, 3, 'Zoologie-Botanique', 10, 20, 'Période + Ex'),
(246, 1, 16, 1, 5, 'Informatique', 20, 40, 'Période + Ex'),
(247, 1, 16, 1, 6, 'Ed. Civ. & Morale', 10, 20, 'Période + Ex'),
(248, 1, 16, 1, 6, 'Ed. Santé & Env.', 10, 20, 'Période + Ex'),
(249, 1, 16, 1, 6, 'Géographie', 10, 20, 'Période + Ex'),
(250, 1, 16, 1, 6, 'Histoire', 10, 20, 'Période + Ex'),
(251, 1, 16, 1, 7, 'Arts dramatiques', 10, 20, 'Période + Ex'),
(252, 1, 16, 1, 7, 'Arts plastiques', 10, 20, 'Période + Ex'),
(253, 1, 16, 1, 8, 'Ed. phys. & sports', 10, 20, 'Période + Ex'),
(254, 1, 16, 1, 8, 'Init. Trav. Prod.', 10, 20, 'Période + Ex'),
(255, 1, 16, 1, 8, 'Religion', 10, 20, 'Période + Ex'),
(256, 1, 24, 1, 4, 'Exp. Orale & Vocab. (AN)', 10, 20, 'Période + Ex'),
(257, 1, 24, 1, 4, 'Grammaire & Conj. (AN)', 10, 20, 'Période + Ex'),
(258, 1, 24, 1, 4, 'Orth. & Rédaction (AN)', 5, 10, 'Période + Ex'),
(259, 1, 24, 1, 1, 'Orth. Phras. Ecrit. & Réd. (FR)', 10, 20, 'Période + Ex'),
(260, 1, 24, 1, 1, 'Exp. Orale - Récit. - Voc. (FR)', 10, 20, 'Période + Ex'),
(261, 1, 24, 1, 1, 'Gram. - Conj. - Analyse (FR)', 15, 30, 'Période + Ex'),
(262, 1, 24, 1, 9, 'Langue française', 30, 60, 'Période + Ex'),
(263, 1, 24, 1, 9, 'Langue Anglaise', 30, 60, 'Période + Ex'),
(264, 1, 24, 1, 2, 'Numération', 10, 20, 'Période + Ex'),
(265, 1, 24, 1, 2, 'Opérations', 10, 20, 'Période + Ex'),
(266, 1, 24, 1, 2, 'Mesures des grandeurs', 10, 20, 'Période + Ex'),
(267, 1, 24, 1, 2, 'Formes géométriques', 10, 20, 'Période + Ex'),
(268, 1, 24, 1, 2, 'Problèmes', 20, 40, 'Période + Ex'),
(269, 1, 24, 1, 3, 'Zoologie-Botanique', 10, 20, 'Période + Ex'),
(270, 1, 24, 1, 5, 'Informatique', 20, 40, 'Période + Ex'),
(271, 1, 24, 1, 6, 'Ed. Civ. & Morale', 10, 20, 'Période + Ex'),
(272, 1, 24, 1, 6, 'Ed. Santé & Env.', 10, 20, 'Période + Ex'),
(273, 1, 24, 1, 6, 'Géographie', 10, 20, 'Période + Ex'),
(274, 1, 24, 1, 6, 'Histoire', 10, 20, 'Période + Ex'),
(275, 1, 24, 1, 7, 'Arts dramatiques', 10, 20, 'Période + Ex'),
(276, 1, 24, 1, 7, 'Arts plastiques', 10, 20, 'Période + Ex'),
(277, 1, 24, 1, 8, 'Ed. phys. & sports', 10, 20, 'Période + Ex'),
(278, 1, 24, 1, 6, 'Init. Trav. Prod.', 10, 20, 'Période + Ex'),
(279, 1, 24, 1, 8, 'Religion', 10, 20, 'Période + Ex'),
(280, 1, 17, 1, 4, 'Exp. Orale & Vocab. (AN)', 10, 20, 'Période + Ex'),
(281, 1, 17, 1, 4, 'Grammaire & Conj. (AN)', 10, 20, 'Période + Ex'),
(282, 1, 17, 1, 4, 'Orth. & Rédaction (AN)', 10, 20, 'Période + Ex'),
(283, 1, 17, 1, 1, 'Exp. Orale - Voc. (FR)', 10, 20, 'Période + Ex'),
(284, 1, 17, 1, 1, 'Orthographe (FR)', 10, 20, 'Période + Ex'),
(285, 1, 17, 1, 1, 'Gram. - Conj. - Analyse (FR)', 20, 40, 'Période + Ex'),
(286, 1, 17, 1, 9, 'Langue française', 30, 60, 'Période + Ex'),
(287, 1, 17, 1, 9, 'Langue Anglaise', 30, 60, 'Période + Ex'),
(288, 1, 17, 1, 2, 'Numération', 10, 20, 'Période + Ex'),
(289, 1, 17, 1, 2, 'Opérations', 10, 20, 'Période + Ex'),
(290, 1, 17, 1, 2, 'Mesures des grandeurs', 10, 20, 'Période + Ex'),
(291, 1, 17, 1, 2, 'Formes géométriques', 10, 20, 'Période + Ex'),
(292, 1, 17, 1, 2, 'Problèmes', 20, 40, 'Période + Ex'),
(293, 1, 17, 1, 1, 'Rédaction (FR)', 10, 20, 'Période + Ex'),
(294, 1, 17, 1, 3, 'Phys.-Zoolo', 10, 20, 'Période + Ex'),
(295, 1, 17, 1, 3, 'Anatomie-Botanique', 20, 40, 'Période + Ex'),
(296, 1, 17, 1, 5, 'Informatique', 10, 20, 'Période + Ex'),
(297, 1, 17, 1, 6, 'Ed. Civ. & Morale', 10, 20, 'Période + Ex'),
(298, 1, 17, 1, 6, 'Ed. Santé & Env.', 10, 20, 'Période + Ex'),
(299, 1, 17, 1, 6, 'Géographie', 10, 20, 'Période + Ex'),
(300, 1, 17, 1, 6, 'Histoire', 10, 20, 'Période + Ex'),
(301, 1, 17, 1, 7, 'Arts dramatiques', 10, 20, 'Période + Ex'),
(302, 1, 17, 1, 7, 'Arts plastiques', 10, 20, 'Période + Ex'),
(303, 1, 17, 1, 8, 'Init. Trav. Prod.', 10, 20, 'Période + Ex'),
(304, 1, 17, 1, 8, 'Ed. phys. & sports', 10, 20, 'Période + Ex'),
(305, 1, 17, 1, 8, 'Religion', 10, 20, 'Période + Ex'),
(306, 1, 18, 1, 4, 'Grammaire & Conj. (AN)', 10, 20, 'Période + Ex'),
(307, 1, 18, 1, 4, 'Exp. Orale & Vocab. (AN)', 10, 20, 'Période + Ex'),
(308, 1, 18, 1, 4, 'Orth. & Rédaction (AN)', 10, 20, 'Période + Ex'),
(309, 1, 18, 1, 1, 'Exp. Orale & Vocab. (FR)', 10, 20, 'Période + Ex'),
(310, 1, 18, 1, 1, 'Orthographe (FR)', 10, 20, 'Période + Ex'),
(311, 1, 18, 1, 1, 'Orthographe (FR)', 10, 20, 'Période + Ex'),
(312, 1, 18, 1, 1, 'Rédaction (FR)', 10, 20, 'Période + Ex'),
(313, 1, 18, 1, 1, 'Gram. - Conj. - Analyse (FR)', 20, 40, 'Période + Ex'),
(314, 1, 18, 1, 9, 'Langue française', 20, 40, 'Période + Ex'),
(315, 1, 18, 1, 9, 'Langue Anglaise', 20, 40, 'Période + Ex'),
(316, 1, 18, 1, 2, 'Numération', 10, 20, 'Période + Ex'),
(317, 1, 18, 1, 2, 'Opérations', 10, 20, 'Période + Ex'),
(318, 1, 18, 1, 2, 'Mesures des grandeurs', 10, 20, 'Période + Ex'),
(319, 1, 18, 1, 2, 'Formes géométriques', 10, 20, 'Période + Ex'),
(320, 1, 18, 1, 2, 'Problèmes', 20, 40, 'Période + Ex'),
(321, 1, 18, 1, 3, 'Phys.-Zoolo', 10, 20, 'Période + Ex'),
(322, 1, 18, 1, 3, 'Anatomie-Botanique', 20, 40, 'Période + Ex'),
(323, 1, 18, 1, 5, 'Informatique', 10, 20, 'Période + Ex'),
(324, 1, 18, 1, 6, 'Ed. Civ. & Morale', 10, 20, 'Période + Ex'),
(325, 1, 18, 1, 6, 'Ed. Santé & Env.', 10, 20, 'Période + Ex'),
(326, 1, 18, 1, 6, 'Géographie', 10, 20, 'Période + Ex'),
(327, 1, 18, 1, 6, 'Histoire', 10, 20, 'Période + Ex'),
(328, 1, 18, 1, 7, 'Arts dramatiques', 10, 20, 'Période + Ex'),
(329, 1, 18, 1, 7, 'Arts plastiques', 10, 20, 'Période + Ex'),
(330, 1, 18, 1, 8, 'Ed. phys. & sports', 10, 20, 'Période + Ex'),
(331, 1, 18, 1, 8, 'Init. Trav. Prod.', 10, 20, 'Période + Ex'),
(332, 1, 18, 1, 8, 'Religion', 10, 20, 'Période + Ex'),
(333, 1, 25, 1, 4, 'Grammaire & Conj. (AN)', 10, 20, 'Période + Ex'),
(334, 1, 25, 1, 4, 'Exp. Orale & Vocab. (AN)', 10, 20, 'Période + Ex'),
(335, 1, 25, 1, 4, 'Orth. & Rédaction (AN)', 10, 20, 'Période + Ex'),
(336, 1, 25, 1, 1, 'Exp. Orale & Vocab. (FR)', 10, 20, 'Période + Ex'),
(337, 1, 25, 1, 1, 'Orthographe (FR)', 10, 20, 'Période + Ex'),
(338, 1, 25, 1, 1, 'Rédaction (FR)', 10, 20, 'Période + Ex'),
(339, 1, 25, 1, 1, 'Gram. - Conj. - Analyse (FR)', 20, 40, 'Période + Ex'),
(340, 1, 25, 1, 9, 'Langue française', 20, 40, 'Période + Ex'),
(341, 1, 25, 1, 9, 'Langue Anglaise', 20, 40, 'Période + Ex'),
(342, 1, 25, 1, 2, 'Numération', 10, 20, 'Période + Ex'),
(343, 1, 25, 1, 2, 'Opérations', 10, 20, 'Période + Ex'),
(344, 1, 25, 1, 2, 'Mesures des grandeurs', 10, 20, 'Période + Ex'),
(345, 1, 25, 1, 2, 'Mesures des grandeurs', 10, 20, 'Période + Ex'),
(346, 1, 25, 1, 2, 'Formes géométriques', 10, 20, 'Période + Ex'),
(347, 1, 25, 1, 2, 'Problèmes', 20, 40, 'Période + Ex'),
(348, 1, 25, 1, 3, 'Zoologie-Botanique', 10, 20, 'Période + Ex'),
(349, 1, 25, 1, 3, 'Anatomie-Botanique', 20, 40, 'Période + Ex'),
(350, 1, 25, 1, 5, 'Informatique', 10, 20, 'Période + Ex'),
(351, 1, 25, 1, 6, 'Ed. Civ. & Morale', 10, 20, 'Période + Ex'),
(352, 1, 25, 1, 6, 'Ed. Santé & Env.', 10, 20, 'Période + Ex'),
(353, 1, 25, 1, 6, 'Géographie', 10, 20, 'Période + Ex'),
(354, 1, 25, 1, 6, 'Histoire', 10, 20, 'Période + Ex'),
(355, 1, 25, 1, 7, 'Arts dramatiques', 10, 20, 'Période + Ex'),
(356, 1, 25, 1, 7, 'Arts plastiques', 10, 20, 'Période + Ex'),
(357, 1, 25, 1, 8, 'Ed. phys. & sports', 10, 20, 'Période + Ex'),
(358, 1, 25, 1, 8, 'Init. Trav. Prod.', 10, 20, 'Période + Ex'),
(359, 1, 25, 1, 8, 'Religion', 10, 20, 'Période + Ex'),
(360, 1, 19, 1, 4, 'Grammaire & Conj. (AN)', 10, 20, 'Période + Ex'),
(361, 1, 19, 1, 4, 'Exp. Orale & Vocab. (AN)', 10, 20, 'Période + Ex'),
(362, 1, 19, 1, 4, 'Orth. & Rédaction (AN)', 10, 20, 'Période + Ex'),
(363, 1, 19, 1, 1, 'Exp. Orale & Vocab. (FR)', 10, 20, 'Période + Ex'),
(364, 1, 19, 1, 1, 'Orthographe (FR)', 10, 20, 'Période + Ex'),
(365, 1, 19, 1, 1, 'Rédaction (FR)', 10, 20, 'Période + Ex'),
(366, 1, 19, 1, 1, 'Gram. - Conj. - Analyse (FR)', 20, 40, 'Période + Ex'),
(367, 1, 19, 1, 9, 'Langue française', 20, 40, 'Période + Ex'),
(368, 1, 19, 1, 9, 'Langue Anglaise', 20, 40, 'Période + Ex'),
(369, 1, 19, 1, 2, 'Numération', 10, 20, 'Période + Ex'),
(370, 1, 19, 1, 2, 'Opérations', 10, 20, 'Période + Ex'),
(371, 1, 19, 1, 2, 'Mesures des grandeurs', 10, 20, 'Période + Ex'),
(372, 1, 19, 1, 2, 'Formes géométriques', 10, 20, 'Période + Ex'),
(373, 1, 19, 1, 2, 'Problèmes', 20, 40, 'Période + Ex'),
(374, 1, 19, 1, 3, 'Zoologie-Botanique', 10, 20, 'Période + Ex'),
(375, 1, 19, 1, 3, 'Anatomie-Botanique', 20, 40, 'Période + Ex'),
(376, 1, 19, 1, 5, 'Informatique', 10, 20, 'Période + Ex'),
(377, 1, 19, 1, 6, 'Ed. Civ. & Morale', 10, 20, 'Période + Ex'),
(378, 1, 19, 1, 6, 'Géographie', 10, 20, 'Période + Ex'),
(379, 1, 19, 1, 6, 'Histoire', 10, 20, 'Période + Ex'),
(380, 1, 19, 1, 7, 'Arts dramatiques', 10, 20, 'Période + Ex'),
(381, 1, 19, 1, 8, 'Ed. phys. & sports', 10, 20, 'Période + Ex'),
(382, 1, 19, 1, 8, 'Init. Trav. Prod.', 10, 20, 'Période + Ex'),
(383, 1, 19, 1, 8, 'Religion', 10, 20, 'Période + Ex'),
(384, 1, 26, 1, 4, 'Exp. Orale & Vocab. (AN)', 10, 20, 'Période + Ex'),
(385, 1, 19, 1, 4, 'Grammaire & Conj. (AN)', 10, 20, 'Période + Ex'),
(386, 1, 26, 1, 4, 'Grammaire & Conj. (AN)', 10, 20, 'Période + Ex'),
(387, 1, 26, 1, 4, 'Orth. & Rédaction (AN)', 10, 20, 'Période + Ex'),
(388, 1, 26, 1, 1, 'Exp. Orale & Vocab. (FR)', 10, 20, 'Période + Ex'),
(389, 1, 26, 1, 1, 'Orthographe (FR)', 10, 20, 'Période + Ex'),
(390, 1, 26, 1, 1, 'Rédaction (FR)', 10, 20, 'Période + Ex'),
(391, 1, 26, 1, 1, 'Gram. - Conj. - Analyse (FR)', 20, 40, 'Période + Ex'),
(392, 1, 26, 1, 9, 'Langue française', 20, 40, 'Période + Ex'),
(393, 1, 26, 1, 9, 'Langue Anglaise', 20, 40, 'Période + Ex'),
(394, 1, 26, 1, 2, 'Numération', 10, 20, 'Période + Ex'),
(395, 1, 26, 1, 2, 'Opérations', 10, 20, 'Période + Ex'),
(396, 1, 26, 1, 2, 'Mesures des grandeurs', 10, 20, 'Période + Ex'),
(397, 1, 26, 1, 2, 'Formes géométriques', 10, 20, 'Période + Ex'),
(398, 1, 26, 1, 2, 'Problèmes', 20, 40, 'Période + Ex'),
(399, 1, 26, 1, 3, 'Phys.-Zoolo', 10, 20, 'Période + Ex'),
(400, 1, 26, 1, 3, 'Anatomie-Botanique', 20, 40, 'Période + Ex'),
(401, 1, 26, 1, 4, 'Informatique', 10, 20, 'Période + Ex'),
(402, 1, 26, 1, 6, 'Ed. Civ. & Morale', 10, 20, 'Période + Ex'),
(403, 1, 26, 1, 6, 'Ed. Santé & Env.', 10, 20, 'Période + Ex'),
(404, 1, 26, 1, 6, 'Géographie', 10, 20, 'Période + Ex'),
(405, 1, 26, 1, 6, 'Histoire', 10, 20, 'Période + Ex'),
(406, 1, 26, 1, 7, 'Arts dramatiques', 10, 20, 'Période + Ex'),
(407, 1, 26, 1, 7, 'Arts dramatiques', 10, 20, 'Période + Ex'),
(408, 1, 26, 1, 7, 'Arts plastiques', 10, 20, 'Période + Ex'),
(409, 1, 26, 1, 8, 'Ed. phys. & sports', 10, 20, 'Période + Ex'),
(410, 1, 26, 1, 8, 'Init. Trav. Prod.', 10, 20, 'Période + Ex'),
(411, 1, 26, 1, 8, 'Religion', 10, 20, 'Période + Ex'),
(412, 1, 1, 1, 10, 'Activités d\'arts plastiques', 4, 4, 'Période + Ex'),
(413, 1, 1, 1, 10, 'Activités de comportement', 4, 4, 'Période + Ex'),
(414, 1, 1, 1, 10, 'Activités musicales ', 4, 4, 'Période + Ex'),
(415, 1, 1, 1, 10, 'Activités physiques', 4, 4, 'Période + Ex'),
(416, 1, 1, 1, 12, 'Activités  psychomotrices', 4, 0, 'Période + Ex'),
(417, 1, 1, 1, 10, 'Activités sensorielles', 4, 4, 'Période + Ex'),
(418, 1, 1, 1, 13, 'Activités promo de la santé', 4, 4, 'Période + Ex'),
(419, 1, 1, 1, 10, 'Activités de vie pratique', 4, 4, 'Période + Ex'),
(420, 1, 1, 1, 12, 'Activités exploratrices', 4, 4, 'Période + Ex'),
(421, 1, 1, 1, 12, 'Activités de langage', 4, 4, 'Période + Ex'),
(422, 1, 1, 1, 12, 'Activités mathématiques', 4, 4, 'Période + Ex'),
(423, 1, 1, 1, 13, 'Activités libres', 4, 4, 'Période + Ex'),
(424, 1, 5, 1, 10, 'Activités d\'arts plastiques', 4, 0, 'Période + Ex'),
(425, 1, 5, 1, 10, 'Activités de comportement', 12, 12, 'Période + Ex'),
(426, 1, 5, 1, 10, 'Activités musicales ', 4, 8, 'Période + Ex'),
(427, 1, 5, 1, 10, 'Activités physiques', 8, 8, 'Période + Ex'),
(428, 1, 5, 1, 10, 'Activités Psychomotrices', 4, 0, 'Période + Ex'),
(429, 1, 5, 1, 10, 'Activités sensorielles', 4, 0, 'Période + Ex'),
(430, 1, 5, 1, 10, 'Activités Promo de la santé', 12, 12, 'Période + Ex'),
(431, 1, 5, 1, 10, 'Activités de vie pratique', 4, 0, 'Période + Ex'),
(432, 1, 5, 1, 12, 'Activités exploratrices', 4, 4, 'Période + Ex'),
(433, 1, 5, 1, 12, 'Activités de langage', 4, 4, 'Période + Ex'),
(434, 1, 5, 1, 12, 'Activités mathématiques', 12, 12, 'Période + Ex'),
(435, 1, 5, 1, 13, 'Activités libres', 12, 12, 'Période + Ex'),
(436, 1, 2, 1, 13, 'Activités promo de la santé', 4, 4, 'Période + Ex'),
(437, 1, 2, 1, 10, 'Activités de latéralité', 4, 4, 'Période + Ex'),
(438, 1, 2, 1, 10, 'Activités de structuration spaciale', 4, 4, 'Période + Ex'),
(439, 1, 2, 1, 12, 'Activités psychomotrices', 4, 4, 'Période + Ex'),
(440, 1, 2, 1, 12, 'Activités sensorielles', 4, 4, 'Période + Ex'),
(441, 1, 2, 1, 12, 'Activités physiques', 4, 0, 'Période + Ex'),
(442, 1, 2, 1, 12, 'Activités d\'arts plastiques', 4, 0, 'Période + Ex'),
(443, 1, 2, 1, 12, 'Activités musicales ', 4, 0, 'Période + Ex'),
(444, 1, 2, 1, 12, 'Activités de vie pratique', 4, 0, 'Période + Ex'),
(445, 1, 2, 1, 12, 'Activités de comportement', 4, 0, 'Période + Ex'),
(446, 1, 2, 1, 13, 'Activités exploratrices', 4, 0, 'Période + Ex'),
(447, 1, 2, 1, 13, 'Activités de langage', 4, 0, 'Période + Ex'),
(448, 1, 2, 1, 13, 'Activités mathématiques', 4, 0, 'Période + Ex'),
(449, 1, 2, 1, 14, 'Activités libres', 4, 0, 'Période + Ex'),
(450, 1, 6, 1, 10, 'Activités de schémas corporels', 4, 4, 'Période + Ex'),
(451, 1, 6, 1, 10, 'Activités de latéralité', 4, 4, 'Période + Ex'),
(452, 1, 6, 1, 10, 'Activités de structuration spaciale', 4, 4, 'Période + Ex'),
(453, 1, 6, 1, 10, 'Activités promo de la santé', 4, 4, 'Période + Ex'),
(454, 1, 6, 1, 12, 'Activités sensorielles', 4, 4, 'Période + Ex'),
(455, 1, 6, 1, 12, 'Activités psychomotrices', 4, 4, 'Période + Ex'),
(456, 1, 6, 1, 12, 'Activités physiques', 4, 4, 'Période + Ex'),
(457, 1, 6, 1, 12, 'Activités d\'arts plastiques', 4, 4, 'Période + Ex'),
(458, 1, 6, 1, 12, 'Activités de vie pratique', 4, 4, 'Période + Ex'),
(459, 1, 6, 1, 10, 'Activités Musicales', 4, 4, 'Période + Ex'),
(460, 1, 6, 1, 12, 'Activités de comportement', 4, 4, 'Période + Ex'),
(461, 1, 6, 1, 12, 'Activités mathématiques', 4, 4, 'Période + Ex'),
(462, 1, 6, 1, 13, 'Activités exploratrices', 4, 4, 'Période + Ex'),
(463, 1, 6, 1, 13, 'Activités de langage', 4, 4, 'Période + Ex'),
(464, 1, 1, 1, 13, 'Activités mathématiques', 4, 4, 'Période + Ex'),
(465, 1, 6, 1, 14, 'Activités libres', 4, 4, 'Période + Ex'),
(466, 1, 3, 1, 10, 'Activités de schémas corporels', 4, 0, 'Période + Ex'),
(467, 1, 3, 1, 10, 'Activités de latéralité', 4, 0, 'Période + Ex'),
(468, 1, 3, 1, 10, 'Activités de structuration spaciale', 4, 0, 'Période + Ex'),
(469, 1, 3, 1, 10, 'Activités d\'orientation temporaire', 4, 0, 'Période + Ex'),
(470, 1, 3, 1, 12, 'Activités sensorielles', 4, 4, 'Période + Ex'),
(471, 1, 3, 1, 12, 'Activités psychomotrices', 4, 4, 'Période + Ex'),
(472, 1, 3, 1, 12, 'Activités physiques', 4, 0, 'Période + Ex'),
(473, 1, 3, 1, 12, 'Activités d\'arts plastiques', 4, 4, 'Période + Ex'),
(474, 1, 3, 1, 12, 'Activités musicales ', 4, 4, 'Période + Ex'),
(475, 1, 3, 1, 12, 'Activités de vie pratique', 4, 4, 'Période + Ex'),
(476, 1, 3, 1, 12, 'Activités de comportement', 4, 4, 'Période + Ex'),
(477, 1, 3, 1, 13, 'Activités exploratrices', 4, 4, 'Période + Ex'),
(478, 1, 3, 1, 13, 'Activités de langage', 4, 4, 'Période + Ex'),
(479, 1, 3, 1, 13, 'Activités mathématiques', 4, 4, 'Période + Ex'),
(480, 1, 3, 1, 14, 'Activités libres', 4, 4, 'Période + Ex'),
(481, 1, 4, 1, 13, 'Activités promo de la santé', 4, 0, 'Période + Ex'),
(482, 1, 4, 1, 10, 'Activités de latéralité', 4, 0, 'Période + Ex'),
(483, 1, 4, 1, 10, 'Activités de structuration spaciale', 4, 0, 'Période + Ex'),
(484, 1, 4, 1, 12, 'Activités  psychomotrices', 4, 0, 'Période + Ex'),
(485, 1, 4, 1, 12, 'Activités sensorielles', 4, 0, 'Période + Ex'),
(486, 1, 3, 1, 12, 'Activités promo de la santé', 4, 4, 'Période + Ex'),
(487, 1, 4, 1, 12, 'Activités d\'arts plastiques', 4, 0, 'Période + Ex'),
(488, 1, 4, 1, 12, 'Activités physiques', 4, 0, 'Période + Ex'),
(489, 1, 4, 1, 12, 'Activités musicales ', 4, 0, 'Période + Ex'),
(490, 1, 4, 1, 12, 'Activités de vie pratique', 4, 0, 'Période + Ex'),
(491, 1, 4, 1, 12, 'Activités de comportement', 4, 0, 'Période + Ex'),
(492, 1, 4, 1, 13, 'Activités exploratrices', 4, 4, 'Période + Ex'),
(493, 1, 4, 1, 13, 'Activités de langage', 4, 4, 'Période + Ex'),
(494, 1, 4, 1, 13, 'Activités mathématiques', 4, 4, 'Période + Ex'),
(495, 1, 4, 1, 14, 'Activités libres', 20, 0, 'Période + Ex'),
(496, 1, 7, 1, 13, 'Activités de promo de la santé', 4, 0, 'Période + Ex'),
(497, 1, 7, 1, 10, 'Activités de latéralité', 4, 0, 'Période + Ex'),
(498, 1, 7, 1, 10, 'Activités de structuration spaciale', 4, 0, 'Période + Ex'),
(499, 1, 7, 1, 10, 'Activités d\'orientation temporaire', 4, 0, 'Période + Ex'),
(500, 1, 7, 1, 12, 'Activités sensorielles', 4, 0, 'Période + Ex'),
(501, 1, 7, 1, 12, 'Activités physiques', 4, 0, 'Période + Ex'),
(502, 1, 7, 1, 12, 'Activités d\'arts plastiques', 4, 0, 'Période + Ex'),
(503, 1, 7, 1, 12, 'Activités musicales ', 4, 0, 'Période + Ex'),
(504, 1, 7, 1, 12, 'Activités de vie pratique', 4, 0, 'Période + Ex'),
(505, 1, 7, 1, 12, 'Activités de comportement', 4, 0, 'Période + Ex'),
(506, 1, 7, 1, 13, 'Activités exploratrices', 4, 4, 'Période + Ex'),
(507, 1, 7, 1, 13, 'Activités de langage', 4, 0, 'Période + Ex'),
(508, 1, 7, 1, 13, 'Activités mathématiques', 12, 0, 'Période + Ex'),
(509, 1, 7, 1, 14, 'Activités libres', 20, 0, 'Période + Ex'),
(510, 1, 8, 1, 13, 'Activités de promo de la santé', 4, 0, 'Période + Ex'),
(511, 1, 8, 1, 10, 'Activités psychomotrices ', 4, 0, 'Période + Ex'),
(512, 1, 8, 1, 10, 'Activités d\'orientation temporaire', 4, 0, 'Période + Ex'),
(513, 1, 8, 1, 12, 'Activités sensorielles', 4, 0, 'Période + Ex'),
(514, 1, 8, 1, 12, 'Activités physiques', 4, 0, 'Période + Ex'),
(515, 1, 8, 1, 12, 'Activités d\'arts plastiques', 4, 0, 'Période + Ex'),
(516, 1, 8, 1, 12, 'Activités musicales ', 4, 0, 'Période + Ex'),
(517, 1, 8, 1, 12, 'Activités de vie pratique', 4, 0, 'Période + Ex'),
(518, 1, 8, 1, 12, 'Activités de comportement', 4, 0, 'Période + Ex'),
(519, 1, 8, 1, 13, 'Activités exploratrices', 4, 0, 'Période + Ex'),
(520, 1, 8, 1, 13, 'Activités de langage', 4, 0, 'Période + Ex'),
(521, 1, 8, 1, 13, 'Activités mathématiques', 4, 0, 'Période + Ex'),
(522, 1, 8, 1, 14, 'Activités libres', 4, 0, 'Période + Ex'),
(523, 1, 9, 1, 9, 'Ecriture en Lang. Nat ', 10, 20, 'Période + Ex'),
(524, 1, 9, 1, 9, 'Lecture en Lang. Nat', 10, 20, 'Période + Ex'),
(525, 1, 9, 1, 1, 'Expression écrite (FR)', 20, 40, 'Période + Ex'),
(526, 1, 10, 1, 9, 'Ecriture en Lang. Nat  ', 10, 20, 'Période + Ex'),
(527, 1, 10, 1, 9, 'Lecture en Lang. Nat', 10, 20, 'Période + Ex'),
(528, 1, 10, 1, 1, 'Expression écrite (FR)', 20, 40, 'Période + Ex'),
(529, 1, 20, 1, 9, 'Ecriture en Lang. Nat ', 10, 20, 'Période + Ex'),
(530, 1, 20, 1, 9, 'Lecture en Lang. Nat  ', 10, 20, 'Période + Ex'),
(531, 1, 20, 1, 1, 'Expression écrite (FR) ', 20, 40, 'Période + Ex'),
(532, 1, 21, 1, 9, 'Ecriture en Lang. Nat', 10, 20, 'Période + Ex'),
(533, 1, 21, 1, 9, 'Lecture en Lang. Nat', 10, 20, 'Période + Ex'),
(534, 1, 21, 1, 1, 'Expression écrite (FR) ', 20, 40, 'Période + Ex'),
(535, 1, 11, 1, 9, 'Ecriture en Lang. Nat', 10, 20, 'Période + Ex'),
(536, 1, 11, 1, 9, 'Lecture en Lang. Nat', 10, 20, 'Période + Ex'),
(537, 1, 11, 1, 1, 'Expression écrite (FR) ', 20, 40, 'Période + Ex'),
(538, 1, 12, 1, 9, 'Ecriture en Lang. Nat', 10, 20, 'Période + Ex'),
(539, 1, 12, 1, 9, 'Lecture en Lang. Nat', 10, 20, 'Période + Ex'),
(540, 1, 12, 1, 1, 'Expression écrite (FR) ', 20, 40, 'Période + Ex'),
(541, 1, 22, 1, 9, 'Ecriture en Lang. Nat ', 10, 20, 'Période + Ex'),
(542, 1, 22, 1, 9, 'Lecture en Lang. Nat ', 10, 20, 'Période + Ex'),
(543, 1, 22, 1, 1, 'Expression écrite (FR) ', 20, 40, 'Période + Ex'),
(544, 1, 19, 1, 9, 'Lecture-Ecriture en langue Francaise', 20, 40, 'Période + Ex'),
(545, 1, 19, 1, 9, 'Lecture-Ecriture en langues Congolaises', 20, 40, 'Période + Ex'),
(546, 1, 16, 1, 2, 'Problèmes ', 20, 40, 'Période + Ex'),
(547, 1, 15, 1, 1, '	Orth. Phras. Ecrit. & Réd. (FR)', 10, 20, 'Période + Ex'),
(548, 1, 19, 1, 6, 'Ed. Santé & Env.', 10, 20, 'Période + Ex'),
(549, 1, 19, 1, 7, 'Arts plastiques', 10, 20, 'Période + Ex'),
(550, 1, 27, 1, 15, 'Algèbre', 40, 80, 'Période + Ex'),
(551, 1, 27, 1, 15, 'Arithmétique', 10, 20, 'Période + Ex'),
(552, 1, 27, 1, 15, 'Géométrie', 20, 40, 'Période + Ex'),
(553, 1, 27, 1, 15, 'Statistique', 10, 20, 'Période + Ex'),
(554, 1, 27, 1, 16, 'Anatomie', 10, 20, 'Période + Ex'),
(555, 1, 27, 1, 16, 'Botanique', 10, 20, 'Période + Ex'),
(556, 1, 27, 1, 16, 'Zoologie', 10, 20, 'Période + Ex'),
(557, 1, 27, 1, 17, 'Sciences Physiques', 10, 20, 'Période + Ex'),
(558, 1, 27, 1, 17, 'Technoligie', 10, 20, 'Période + Ex'),
(559, 1, 27, 1, 17, 'Tech. d\'Info. & Com. (TIC)', 10, 20, 'Période + Ex'),
(560, 1, 27, 1, 21, 'Anglais', 30, 60, 'Période + Ex'),
(561, 1, 27, 1, 21, 'Français', 70, 140, 'Période + Ex'),
(562, 1, 27, 1, 18, 'Education à la vie', 20, 40, 'Période + Ex'),
(563, 1, 27, 1, 18, 'Ed. civique et morale', 20, 40, 'Période + Ex'),
(564, 1, 27, 1, 18, 'Géographie', 20, 40, 'Période + Ex'),
(565, 1, 27, 1, 18, 'Histoire ', 20, 40, 'Période + Ex'),
(566, 1, 27, 1, 19, 'Dessin', 20, 40, 'Période + Ex'),
(567, 1, 27, 1, 19, 'Musique', 20, 40, 'Période + Ex'),
(568, 1, 27, 1, 20, 'Education Physique', 20, 40, 'Période + Ex'),
(569, 1, 28, 1, 15, 'Algèbre', 40, 80, 'Période + Ex'),
(570, 1, 28, 1, 15, 'Arithmétique', 10, 20, 'Période + Ex'),
(571, 1, 28, 1, 15, 'Géométrie', 20, 40, 'Période + Ex'),
(572, 1, 28, 1, 15, 'Statistique', 10, 20, 'Période + Ex'),
(573, 1, 28, 1, 16, 'Anatomie', 10, 20, 'Période + Ex'),
(574, 1, 28, 1, 16, 'Botanique', 10, 20, 'Période + Ex'),
(575, 1, 28, 1, 16, 'Zoologie', 10, 20, 'Période + Ex'),
(576, 1, 28, 1, 17, 'Sciences Physiques', 10, 20, 'Période + Ex'),
(577, 1, 28, 1, 17, 'Technologie', 10, 20, 'Période + Ex'),
(578, 1, 28, 1, 17, 'Tech. d\'Info. & Com (TIC)', 10, 20, 'Période + Ex'),
(579, 1, 28, 1, 21, 'Anglais', 30, 60, 'Période + Ex'),
(580, 1, 28, 1, 21, 'Français', 70, 140, 'Période + Ex'),
(581, 1, 28, 1, 18, 'Education à la vie', 20, 40, 'Période + Ex'),
(582, 1, 28, 1, 18, 'Education civique et morale', 20, 40, 'Période + Ex'),
(583, 1, 28, 1, 18, 'Géographie', 20, 40, 'Période + Ex'),
(584, 1, 28, 1, 18, 'Histoire', 20, 40, 'Période + Ex'),
(585, 1, 28, 1, 19, 'Dessin', 20, 40, 'Période + Ex'),
(586, 1, 28, 1, 19, 'Musique', 20, 40, 'Période + Ex'),
(587, 1, 28, 1, 20, 'Education Physique', 20, 40, 'Période + Ex'),
(588, 1, 32, 1, 15, 'Algèbre ', 40, 80, 'Période + Ex'),
(589, 1, 32, 1, 15, 'Arithmétique', 10, 20, 'Période + Ex'),
(590, 1, 32, 1, 15, 'Géométrie', 20, 40, 'Période + Ex'),
(591, 1, 32, 1, 15, 'Statistique', 10, 20, 'Période + Ex'),
(592, 1, 32, 1, 16, 'Anatomie', 10, 20, 'Période + Ex'),
(593, 1, 32, 1, 16, 'Botanique', 10, 20, 'Période + Ex'),
(594, 1, 32, 1, 16, 'Zoologie', 10, 20, 'Période + Ex'),
(595, 1, 32, 1, 17, 'Sciences Physiques', 10, 20, 'Période + Ex'),
(596, 1, 32, 1, 17, 'Technologie', 10, 20, 'Période + Ex'),
(597, 1, 32, 1, 17, 'Tech. d\'Info. & Com (TIC)', 10, 20, 'Période + Ex'),
(598, 1, 32, 1, 21, 'Anglais', 30, 60, 'Période + Ex'),
(599, 1, 32, 1, 21, 'Français', 70, 140, 'Période + Ex'),
(600, 1, 32, 1, 18, 'Education à la vie', 20, 40, 'Période + Ex'),
(601, 1, 32, 1, 18, 'Ed. civique et morale', 20, 40, 'Période + Ex'),
(602, 1, 32, 1, 18, 'Géographie', 20, 40, 'Période + Ex'),
(603, 1, 32, 1, 18, 'Histoire', 20, 40, 'Période + Ex'),
(604, 1, 32, 1, 19, 'Dessin', 20, 40, 'Période + Ex'),
(605, 1, 32, 1, 19, 'Musique', 20, 40, 'Période + Ex'),
(606, 1, 32, 1, 20, 'Education Physique', 20, 40, 'Période + Ex'),
(607, 1, 29, 1, 15, 'Algèbre ', 40, 80, 'Période + Ex'),
(608, 1, 29, 1, 15, 'Arithmétique', 10, 20, 'Période + Ex'),
(609, 1, 29, 1, 15, 'Géométrie', 20, 40, 'Période + Ex'),
(610, 1, 29, 1, 15, 'Statistique', 10, 20, 'Période + Ex'),
(611, 1, 29, 1, 16, 'Anatomie', 10, 20, 'Période + Ex'),
(612, 1, 29, 1, 16, 'Zoologie', 20, 40, 'Période + Ex'),
(613, 1, 29, 1, 16, 'Botanique', 10, 20, 'Période + Ex'),
(614, 1, 29, 1, 17, 'Sciences Physiques', 10, 20, 'Période + Ex'),
(615, 1, 7, 1, 12, 'Activités Psychomotrices', 4, 0, 'Période + Ex'),
(616, 1, 29, 1, 17, 'Technologie', 10, 20, 'Période + Ex'),
(617, 1, 29, 1, 17, 'Tech. d\'Info. & Com (TIC)', 10, 20, 'Période + Ex'),
(618, 1, 29, 1, 21, 'Anglais', 30, 60, 'Période + Ex'),
(619, 1, 29, 1, 21, 'Français', 50, 100, 'Période + Ex'),
(620, 1, 29, 1, 18, 'Education à la vie', 20, 40, 'Période + Ex'),
(621, 1, 29, 1, 18, 'Ed. civique et morale', 20, 40, 'Période + Ex'),
(622, 1, 29, 1, 18, 'Géographie', 30, 60, 'Période + Ex'),
(623, 1, 29, 1, 18, 'Histoire', 20, 40, 'Période + Ex'),
(624, 1, 29, 1, 19, 'Dessin', 20, 40, 'Période + Ex'),
(625, 1, 29, 1, 19, 'Musique', 20, 40, 'Période + Ex'),
(626, 1, 29, 1, 20, 'Education Physique', 20, 40, 'Période + Ex'),
(627, 1, 30, 1, 15, 'Algèbre ', 40, 80, 'Période + Ex'),
(628, 1, 30, 1, 15, 'Arithmétique', 10, 20, 'Période + Ex'),
(629, 1, 30, 1, 15, 'Géométrie', 20, 40, 'Période + Ex'),
(630, 1, 30, 1, 15, 'Statistique', 10, 20, 'Période + Ex'),
(631, 1, 30, 1, 16, 'Anatomie', 10, 20, 'Période + Ex'),
(632, 1, 30, 1, 16, 'Botanique', 10, 20, 'Période + Ex'),
(633, 1, 30, 1, 16, 'Zoologie', 20, 40, 'Période + Ex'),
(634, 1, 30, 1, 17, 'Sciences Physiques', 10, 20, 'Période + Ex'),
(635, 1, 30, 1, 17, 'Technologie', 10, 20, 'Période + Ex'),
(636, 1, 30, 1, 17, 'Tech. d\'Info. & Com (TIC)', 10, 20, 'Période + Ex'),
(637, 1, 30, 1, 21, 'Anglais', 30, 60, 'Période + Ex'),
(638, 1, 30, 1, 21, 'Anglais', 30, 60, 'Période + Ex'),
(639, 1, 30, 1, 21, 'Français', 50, 100, 'Période + Ex'),
(640, 1, 30, 1, 18, 'Education à la vie', 20, 40, 'Période + Ex'),
(641, 1, 30, 1, 18, 'Ed. civique et morale', 20, 40, 'Période + Ex'),
(642, 1, 30, 1, 18, 'Géographie', 30, 60, 'Période + Ex'),
(643, 1, 30, 1, 18, 'Histoire', 20, 40, 'Période + Ex'),
(644, 1, 30, 1, 19, 'Dessin', 20, 40, 'Période + Ex'),
(645, 1, 30, 1, 19, 'Musique', 20, 40, 'Période + Ex'),
(646, 1, 30, 1, 20, 'Education Physique', 20, 40, 'Période + Ex'),
(647, 1, 31, 1, 15, 'Algèbre ', 40, 80, 'Période + Ex'),
(648, 1, 31, 1, 15, 'Arithmétique', 10, 20, 'Période + Ex'),
(649, 1, 31, 1, 15, 'Géométrie', 20, 40, 'Période + Ex'),
(650, 1, 31, 1, 15, 'Statistique', 10, 20, 'Période + Ex'),
(651, 1, 31, 1, 16, 'Anatomie', 10, 20, 'Période + Ex'),
(652, 1, 31, 1, 16, 'Botanique', 10, 20, 'Période + Ex'),
(653, 1, 31, 1, 16, 'Zoologie', 20, 40, 'Période + Ex'),
(654, 1, 31, 1, 17, 'Sciences Physiques', 10, 20, 'Période + Ex'),
(655, 1, 31, 1, 17, 'Technologie', 10, 20, 'Période + Ex'),
(656, 1, 31, 1, 17, 'Tech. d\'Info. & Com (TIC)', 10, 20, 'Période + Ex'),
(657, 1, 31, 1, 21, 'Anglais', 30, 60, 'Période + Ex'),
(658, 1, 31, 1, 21, 'Français', 50, 100, 'Période + Ex'),
(659, 1, 31, 1, 18, 'Education à la vie', 20, 40, 'Période + Ex'),
(660, 1, 31, 1, 18, 'Ed. civique et morale', 20, 40, 'Période + Ex'),
(661, 1, 31, 1, 18, 'Géographie', 20, 40, 'Période + Ex'),
(662, 1, 31, 1, 18, 'Histoire', 20, 40, 'Période + Ex'),
(663, 1, 31, 1, 19, 'Dessin', 20, 40, 'Période + Ex'),
(664, 1, 31, 1, 19, 'Musique', 20, 40, 'Période + Ex'),
(665, 1, 31, 1, 20, 'Education Physique', 20, 40, 'Période + Ex'),
(666, 1, 21, 1, 19, 'Art plastique', 10, 20, 'Période + Ex'),
(667, 1, 33, 1, 22, 'Droit', 10, 20, 'Période + Ex'),
(668, 1, 33, 1, 22, 'Ed. Civ. & Morale', 10, 20, 'Période + Ex'),
(669, 1, 33, 1, 22, 'Education Physique', 10, 20, 'Période + Ex'),
(670, 1, 33, 1, 22, 'Géographie économique', 10, 20, 'Période + Ex'),
(671, 1, 33, 1, 23, 'Correspondance com. Angl.', 20, 40, 'Période + Ex'),
(672, 1, 33, 1, 23, 'Correspondance com. Franc.', 20, 40, 'Période + Ex'),
(673, 1, 33, 1, 23, 'Fiscalité', 20, 40, 'Période + Ex'),
(674, 1, 33, 1, 23, 'Mathématiques Financières', 20, 40, 'Période + Ex'),
(675, 1, 33, 1, 23, 'Mathématiques Générales', 20, 40, 'Période + Ex'),
(676, 1, 33, 1, 24, 'Activités compl. (Visites guidées)', 20, 0, 'Période + Ex'),
(677, 1, 33, 1, 25, 'Anglais', 30, 60, 'Période + Ex'),
(678, 1, 33, 1, 25, 'Doc. Commerciale', 30, 60, 'Période + Ex'),
(679, 1, 33, 1, 26, 'Français', 40, 80, 'Période + Ex'),
(680, 1, 33, 1, 26, 'Informatique', 40, 80, 'Période + Ex'),
(681, 1, 33, 1, 27, 'Comptabilité Générale', 60, 120, 'Période + Ex'),
(683, 1, 38, 1, 22, 'Droit', 10, 20, 'Période + Ex'),
(684, 1, 38, 1, 22, 'Ed. civique et morale', 10, 20, 'Période + Ex'),
(685, 1, 38, 1, 22, 'Education Physique', 10, 20, 'Période + Ex'),
(686, 1, 38, 1, 22, 'Géographie économique', 10, 20, 'Période + Ex'),
(687, 1, 38, 1, 23, 'Correspondance com. Angl.', 20, 40, 'Période + Ex'),
(688, 1, 38, 1, 23, 'Correspondance com. Franc.', 20, 40, 'Période + Ex'),
(689, 1, 38, 1, 23, 'Fiscalité', 20, 40, 'Période + Ex'),
(690, 1, 38, 1, 23, 'Mathématiques Financières', 20, 40, 'Période + Ex'),
(691, 1, 38, 1, 23, 'Mathématiques Générales', 20, 40, 'Période + Ex'),
(692, 1, 38, 1, 24, 'Activités compl. (Visites guidées)', 20, 0, 'Période + Ex'),
(693, 1, 38, 1, 25, 'Anglais', 30, 60, 'Période + Ex'),
(694, 1, 38, 1, 25, 'Doc. Commerciale', 30, 60, 'Période + Ex'),
(695, 1, 38, 1, 26, 'Français', 40, 80, 'Période + Ex'),
(696, 1, 38, 1, 26, 'Informatique', 40, 80, 'Période + Ex'),
(697, 1, 38, 1, 27, 'Comptabilité Générale', 60, 120, 'Période + Ex'),
(698, 1, 38, 1, 28, 'Pratique Professionnelle', 100, 0, 'Période + Ex'),
(699, 1, 43, 1, 22, 'Ed. Civ. & Morale', 10, 20, 'Période + Ex'),
(700, 1, 43, 1, 22, 'Education Physique', 10, 20, 'Période + Ex'),
(701, 1, 43, 1, 22, 'Géographie économique', 10, 20, 'Période + Ex'),
(702, 1, 43, 1, 22, 'Fiscalité', 10, 20, 'Période + Ex'),
(703, 1, 43, 1, 22, 'Mathématiques Financières', 10, 20, 'Période + Ex'),
(704, 1, 43, 1, 22, 'Op. des banques et des crédits', 10, 20, 'Période + Ex'),
(705, 1, 43, 1, 23, 'Activité compl. (Visites guidées)', 10, 0, 'Période + Ex'),
(706, 1, 43, 1, 24, 'Mathématiques Générales', 20, 40, 'Période + Ex'),
(707, 1, 43, 1, 24, 'Droit', 20, 40, 'Période + Ex'),
(708, 1, 43, 1, 24, 'Correspondance com. Franc.', 20, 40, 'Période + Ex'),
(709, 1, 43, 1, 24, 'Correspondance com. Angl.', 20, 40, 'Période + Ex'),
(710, 1, 43, 1, 24, 'Entreprenariat', 20, 40, 'Période + Ex'),
(711, 1, 43, 1, 24, 'Economie politique', 20, 40, 'Période + Ex'),
(712, 1, 43, 1, 25, 'Anglais', 30, 60, 'Période + Ex'),
(713, 1, 43, 1, 26, 'Français', 40, 80, 'Période + Ex'),
(714, 1, 43, 1, 26, 'Informatique', 40, 80, 'Période + Ex'),
(715, 1, 43, 1, 27, 'Comptabilité Générale', 60, 120, 'Période + Ex'),
(716, 1, 43, 1, 28, 'Pratique Professionnelle', 100, 0, 'Période + Ex'),
(717, 1, 48, 1, 22, 'Correspondance com. Angl.', 10, 20, 'Période + Ex'),
(718, 1, 48, 1, 22, 'Correspondance com. Franc.', 10, 20, 'Période + Ex'),
(719, 1, 48, 1, 22, 'Déontologie professionnelle', 10, 20, 'Période + Ex'),
(720, 1, 48, 1, 22, 'Ed. Civ. & Morale', 10, 20, 'Période + Ex'),
(721, 1, 48, 1, 22, 'Finances publiques', 10, 20, 'Période + Ex'),
(722, 1, 48, 1, 22, 'Fiscalité', 10, 20, 'Période + Ex'),
(723, 1, 48, 1, 23, 'Activité compl. (Visites guidées)', 10, 0, 'Période + Ex'),
(724, 1, 48, 1, 24, 'Droit', 20, 40, 'Période + Ex'),
(725, 1, 48, 1, 24, 'Economie de développement', 20, 40, 'Période + Ex'),
(726, 1, 48, 1, 24, 'Mathématiques Générales', 20, 40, 'Période + Ex'),
(727, 1, 48, 1, 24, 'Organisation des entreprises', 20, 40, 'Période + Ex'),
(728, 1, 48, 1, 25, 'Anglais', 30, 60, 'Période + Ex'),
(729, 1, 48, 1, 26, 'Comptabilité analytique', 40, 80, 'Période + Ex'),
(730, 1, 48, 1, 26, 'Français', 40, 80, 'Période + Ex'),
(731, 1, 48, 1, 26, 'Informatique', 40, 80, 'Période + Ex'),
(732, 1, 48, 1, 27, 'Comptabilité Générale', 50, 100, 'Période + Ex'),
(733, 1, 48, 1, 28, 'Pratique Professionnelle', 100, 0, 'Période + Ex'),
(734, 1, 34, 1, 22, 'Ed. Civ. & Morale', 10, 20, 'Période + Ex'),
(735, 1, 34, 1, 23, 'Anglais', 20, 40, 'Période + Ex'),
(736, 1, 34, 1, 23, 'Chimie', 20, 40, 'Période + Ex'),
(737, 1, 34, 1, 23, 'Géographie / actualités', 20, 40, 'Période + Ex'),
(738, 1, 34, 1, 23, 'Histoire', 20, 40, 'Période + Ex'),
(739, 1, 34, 1, 23, 'Informatique', 20, 40, 'Période + Ex'),
(740, 1, 34, 1, 23, 'Physique', 20, 40, 'Période + Ex'),
(741, 1, 34, 1, 23, 'Techno mécanique', 20, 40, 'Période + Ex'),
(742, 1, 34, 1, 24, 'Dessin Electrique', 40, 80, 'Période + Ex'),
(743, 1, 34, 1, 24, 'Dessin Industriel', 40, 80, 'Période + Ex'),
(744, 1, 34, 1, 24, 'Electricité Générale', 40, 80, 'Période + Ex'),
(745, 1, 34, 1, 24, 'Mécanique Générale', 40, 80, 'Période + Ex'),
(746, 1, 34, 1, 24, 'Techno Electr.', 40, 80, 'Période + Ex'),
(747, 1, 39, 1, 22, 'Ed. Civ. & Morale', 10, 20, 'Période + Ex'),
(748, 1, 34, 1, 25, 'Français', 50, 100, 'Période + Ex'),
(749, 1, 34, 1, 25, 'Mathématiques', 50, 100, 'Période + Ex'),
(750, 1, 34, 1, 26, 'Atelier Electrique', 100, 0, 'Période + Ex'),
(751, 1, 34, 1, 26, 'Atelier mécanique', 100, 0, 'Période + Ex'),
(752, 1, 39, 1, 23, 'Anglais', 20, 40, 'Période Seulement'),
(753, 1, 39, 1, 23, 'Chimie', 20, 40, 'Période + Ex'),
(754, 1, 39, 1, 23, 'Electronique numérique', 20, 40, 'Période + Ex'),
(755, 1, 39, 1, 23, 'Actualités', 20, 40, 'Période + Ex'),
(756, 1, 39, 1, 23, 'Informatique', 20, 40, 'Période + Ex'),
(757, 1, 39, 1, 23, 'Inst. Meth. Mes', 20, 40, 'Période + Ex'),
(758, 1, 39, 1, 23, 'Physique', 20, 40, 'Période + Ex'),
(759, 1, 39, 1, 23, 'Techno mécanique', 20, 40, 'Période + Ex'),
(760, 1, 39, 1, 24, 'Dessin Electrique', 40, 80, 'Période + Ex'),
(761, 1, 39, 1, 24, 'Dessin Industriel', 40, 80, 'Période + Ex'),
(762, 1, 39, 1, 24, 'Electricité Générale', 40, 80, 'Période + Ex'),
(763, 1, 39, 1, 24, 'Techno Electr.', 40, 80, 'Période + Ex'),
(764, 1, 39, 1, 25, 'Français', 50, 100, 'Période + Ex'),
(765, 1, 39, 1, 25, 'Mathématiques', 50, 100, 'Période + Ex'),
(766, 1, 39, 1, 26, 'Atelier Electrique', 100, 0, 'Période + Ex'),
(767, 1, 39, 1, 26, 'Labo électrique ', 100, 0, 'Période + Ex'),
(768, 1, 44, 1, 22, 'Ed. Civ. & Morale', 10, 20, 'Période + Ex'),
(769, 1, 44, 1, 23, 'Actualités', 20, 40, 'Période + Ex'),
(770, 1, 44, 1, 23, 'Anglais', 20, 40, 'Période + Ex'),
(771, 1, 44, 1, 23, 'Electronique + Labo', 20, 40, 'Période + Ex'),
(772, 1, 44, 1, 23, 'Informatique', 20, 40, 'Période + Ex'),
(773, 1, 44, 1, 23, 'Inst. Meth. Mes', 20, 40, 'Période + Ex'),
(774, 1, 44, 1, 23, 'Résistances des mater.', 20, 40, 'Période + Ex'),
(775, 1, 44, 1, 24, 'Schémas Electrique', 40, 80, 'Période + Ex'),
(776, 1, 44, 1, 24, 'Electricité Générale', 40, 80, 'Période + Ex'),
(777, 1, 44, 1, 24, 'Machines électriques', 40, 80, 'Période + Ex'),
(778, 1, 44, 1, 24, 'Techno Electr.', 40, 80, 'Période + Ex'),
(779, 1, 44, 1, 25, 'Français', 50, 100, 'Période + Ex'),
(780, 1, 44, 1, 25, 'Mathématiques', 50, 100, 'Période + Ex'),
(781, 1, 44, 1, 26, 'Atelier Electrique', 100, 0, 'Période + Ex'),
(782, 1, 44, 1, 26, 'Labo électrique ', 100, 0, 'Période + Ex'),
(783, 1, 49, 1, 22, 'Ed. Civ. & Morale', 10, 20, 'Période + Ex'),
(784, 1, 49, 1, 23, 'Actualités', 20, 40, 'Période + Ex'),
(785, 1, 49, 1, 23, 'Anglais', 20, 40, 'Période + Ex'),
(786, 1, 49, 1, 23, 'Application élct.', 20, 40, 'Période + Ex'),
(787, 1, 49, 1, 23, 'Automation', 20, 40, 'Période + Ex'),
(788, 1, 49, 1, 23, 'Informatique', 20, 40, 'Période + Ex'),
(789, 1, 49, 1, 23, 'Législation', 20, 40, 'Période + Ex'),
(790, 1, 49, 1, 23, 'Organisation ', 20, 40, 'Période + Ex'),
(791, 1, 49, 1, 24, 'Electronique + Labo', 40, 80, 'Période + Ex'),
(792, 1, 49, 1, 24, 'Machines électriques', 40, 80, 'Période + Ex'),
(793, 1, 49, 1, 24, 'Mécanique appl.', 40, 80, 'Période + Ex');
INSERT INTO `t_cours` (`idCours`, `idEns`, `idC`, `idA`, `idSC`, `designCours`, `maxPer`, `maxEx`, `typeCours`) VALUES
(794, 1, 49, 1, 25, 'Schémas Electriques', 50, 100, 'Période + Ex'),
(795, 1, 49, 1, 25, 'Français', 50, 100, 'Période + Ex'),
(796, 1, 49, 1, 25, 'Labo électrique ', 50, 100, 'Période + Ex'),
(797, 1, 49, 1, 25, 'Mathématiques', 50, 100, 'Période + Ex'),
(798, 1, 49, 1, 26, 'Atelier Electrique', 100, 0, 'Période + Ex'),
(799, 1, 49, 1, 26, 'Labo électrique ', 100, 0, 'Période + Ex'),
(800, 1, 36, 1, 22, 'Ed. Civ. & Morale', 10, 20, 'Période + Ex'),
(801, 1, 36, 1, 22, 'Education à la vie', 10, 20, 'Période + Ex'),
(802, 1, 36, 1, 22, 'Informatique', 10, 20, 'Période + Ex'),
(803, 1, 36, 1, 23, 'Microbiologie', 20, 40, 'Période + Ex'),
(804, 1, 36, 1, 23, 'Chimie', 20, 40, 'Période + Ex'),
(805, 1, 36, 1, 23, 'Education Physique', 20, 40, 'Période + Ex'),
(806, 1, 36, 1, 23, 'Géographie', 20, 40, 'Période + Ex'),
(807, 1, 36, 1, 23, 'Histoire', 20, 40, 'Période + Ex'),
(808, 1, 36, 1, 23, 'Mathématiques', 20, 40, 'Période + Ex'),
(809, 1, 36, 1, 23, 'Sociologie Africaine', 20, 40, 'Période + Ex'),
(810, 1, 36, 1, 24, 'Anglais', 40, 80, 'Période + Ex'),
(811, 1, 36, 1, 25, 'Français', 50, 100, 'Période + Ex'),
(812, 1, 36, 1, 25, 'Latin', 50, 100, 'Période + Ex'),
(813, 1, 40, 1, 22, 'Ed. Civ. & Morale', 10, 20, 'Période + Ex'),
(814, 1, 40, 1, 22, 'Education à la vie', 10, 20, 'Période + Ex'),
(815, 1, 40, 1, 22, 'Informatique', 10, 20, 'Période + Ex'),
(816, 1, 40, 1, 23, 'Ecopol/Soc.Afri', 20, 40, 'Période + Ex'),
(817, 1, 40, 1, 23, 'Chimie', 20, 40, 'Période + Ex'),
(818, 1, 40, 1, 23, 'Education Physique', 20, 40, 'Période + Ex'),
(819, 1, 40, 1, 23, 'Géographie', 20, 40, 'Période + Ex'),
(820, 1, 40, 1, 23, 'Histoire', 20, 40, 'Période + Ex'),
(821, 1, 40, 1, 23, 'Mathématiques', 40, 80, 'Période + Ex'),
(822, 1, 40, 1, 23, 'Physique', 20, 40, 'Période + Ex'),
(823, 1, 40, 1, 23, 'Biologie', 20, 40, 'Période + Ex'),
(824, 1, 40, 1, 24, 'Anglais', 40, 80, 'Période + Ex'),
(825, 1, 40, 1, 25, 'Français', 50, 100, 'Période + Ex'),
(826, 1, 40, 1, 25, 'Latin', 50, 100, 'Période + Ex'),
(827, 1, 45, 1, 22, 'Education à la vie', 10, 20, 'Période + Ex'),
(828, 1, 45, 1, 22, 'Ed. Civ. & Morale', 10, 20, 'Période + Ex'),
(829, 1, 45, 1, 22, 'Informatique', 10, 20, 'Période + Ex'),
(830, 1, 45, 1, 23, 'Biologie', 20, 40, 'Période + Ex'),
(831, 1, 45, 1, 23, 'Chimie', 20, 40, 'Période + Ex'),
(832, 1, 45, 1, 23, 'Education Physique', 20, 40, 'Période + Ex'),
(833, 1, 45, 1, 23, 'Géographie', 20, 40, 'Période + Ex'),
(834, 1, 45, 1, 23, 'Histoire', 20, 40, 'Période + Ex'),
(835, 1, 45, 1, 23, 'Mathématiques', 20, 40, 'Période + Ex'),
(836, 1, 45, 1, 23, 'Physique', 20, 40, 'Période + Ex'),
(837, 1, 45, 1, 23, 'Esthétique', 20, 40, 'Période + Ex'),
(838, 1, 45, 1, 24, 'Anglais', 40, 80, 'Période + Ex'),
(839, 1, 45, 1, 25, 'Français', 50, 100, 'Période + Ex'),
(840, 1, 45, 1, 25, 'Latin', 50, 100, 'Période + Ex'),
(841, 1, 50, 1, 22, 'Education à la vie', 10, 20, 'Période + Ex'),
(842, 1, 50, 1, 22, 'Ed. Civ. & Morale', 10, 20, 'Période + Ex'),
(843, 1, 50, 1, 22, 'Informatique', 10, 20, 'Période + Ex'),
(844, 1, 50, 1, 23, 'Biologie', 20, 40, 'Période + Ex'),
(845, 1, 50, 1, 23, 'Chimie', 20, 40, 'Période + Ex'),
(846, 1, 50, 1, 23, 'Géographie', 20, 40, 'Période + Ex'),
(847, 1, 50, 1, 23, 'Histoire', 20, 40, 'Période + Ex'),
(848, 1, 50, 1, 23, 'Mathématiques', 20, 40, 'Période + Ex'),
(849, 1, 50, 1, 23, 'Physique', 20, 40, 'Période + Ex'),
(850, 1, 50, 1, 23, 'Philosophie', 20, 40, 'Période + Ex'),
(851, 1, 50, 1, 24, 'Anglais', 40, 80, 'Période + Ex'),
(852, 1, 50, 1, 25, 'Français', 50, 100, 'Période + Ex'),
(853, 1, 50, 1, 25, 'Latin', 50, 100, 'Période + Ex'),
(854, 1, 35, 1, 22, 'Sociologie Africaine', 10, 20, 'Période + Ex'),
(855, 1, 35, 1, 22, 'Education à la vie', 10, 20, 'Période + Ex'),
(856, 1, 35, 1, 22, 'Ed. civique et morale', 10, 20, 'Période + Ex'),
(857, 1, 35, 1, 22, 'Géographie', 10, 20, 'Période + Ex'),
(858, 1, 35, 1, 22, 'Histoire', 10, 20, 'Période + Ex'),
(859, 1, 35, 1, 22, 'Hygiène alimentaire ', 10, 20, 'Période + Ex'),
(860, 1, 35, 1, 22, 'Informatique', 10, 20, 'Période + Ex'),
(861, 1, 41, 1, 22, 'Education Physique', 10, 20, 'Période + Ex'),
(862, 1, 35, 1, 23, 'Anglais', 20, 40, 'Période + Ex'),
(863, 1, 35, 1, 23, 'Chimie', 20, 40, 'Période + Ex'),
(864, 1, 35, 1, 23, 'Nutrition générale', 20, 40, 'Période + Ex'),
(865, 1, 35, 1, 23, 'Physique', 20, 40, 'Période + Ex'),
(866, 1, 35, 1, 23, 'Technologie alimentaire', 20, 40, 'Période + Ex'),
(867, 1, 35, 1, 24, 'Biologie', 30, 60, 'Période + Ex'),
(868, 1, 35, 1, 25, 'Agriculture ', 40, 80, 'Période + Ex'),
(869, 1, 35, 1, 26, 'Français', 60, 120, 'Période + Ex'),
(870, 1, 35, 1, 25, 'Mathématiques', 60, 120, 'Période + Ex'),
(871, 1, 35, 1, 27, 'Pratique Professionnelle', 100, 0, 'Période + Ex'),
(872, 1, 41, 1, 22, 'Ed. Civ. & Morale', 10, 20, 'Période + Ex'),
(873, 1, 41, 1, 22, 'Education à la vie', 10, 20, 'Période + Ex'),
(874, 1, 41, 1, 22, 'Géographie', 10, 20, 'Période + Ex'),
(875, 1, 41, 1, 22, 'Histoire', 10, 20, 'Période + Ex'),
(876, 1, 41, 1, 22, 'Hygiène alimentaire ', 10, 20, 'Période + Ex'),
(877, 1, 41, 1, 22, 'Informatique', 10, 20, 'Période + Ex'),
(878, 1, 41, 1, 22, 'Technologie culinaire', 10, 20, 'Période + Ex'),
(879, 1, 41, 1, 23, 'Anglais', 20, 40, 'Période + Ex'),
(880, 1, 41, 1, 23, 'Chimie', 20, 40, 'Période + Ex'),
(881, 1, 41, 1, 23, 'Education nutritionnelle', 20, 40, 'Période + Ex'),
(882, 1, 41, 1, 23, 'Physique', 20, 40, 'Période + Ex'),
(883, 1, 41, 1, 24, 'Biologie', 30, 60, 'Période + Ex'),
(884, 1, 41, 1, 24, 'Nutrition générale', 30, 60, 'Période + Ex'),
(885, 1, 41, 1, 24, 'Pathologie de la nutrition', 30, 60, 'Période + Ex'),
(886, 1, 41, 1, 24, 'Technologie alimentaire', 30, 60, 'Période + Ex'),
(887, 1, 41, 1, 24, 'Zootechnie (élevage) ', 30, 60, 'Période + Ex'),
(888, 1, 41, 1, 25, 'Français', 50, 100, 'Période + Ex'),
(889, 1, 41, 1, 25, 'Mathématiques', 50, 100, 'Période + Ex'),
(890, 1, 41, 1, 26, 'Pratique Professionnelle', 100, 0, 'Période + Ex'),
(891, 1, 46, 1, 22, 'Education à la vie', 10, 20, 'Période + Ex'),
(892, 1, 46, 1, 22, 'Ed. Civ. & Morale', 10, 20, 'Période + Ex'),
(893, 1, 46, 1, 22, 'Géographie', 10, 20, 'Période + Ex'),
(894, 1, 46, 1, 22, 'Histoire', 10, 20, 'Période + Ex'),
(895, 1, 46, 1, 22, 'Informatique', 10, 20, 'Période + Ex'),
(896, 1, 46, 1, 23, 'Anglais', 20, 40, 'Période + Ex'),
(897, 1, 46, 1, 23, 'Chimie', 20, 40, 'Période + Ex'),
(898, 1, 46, 1, 23, 'Economie alimentaire', 20, 40, 'Période + Ex'),
(899, 1, 46, 1, 23, 'Enquête nutritionnelle', 20, 40, 'Période + Ex'),
(900, 1, 46, 1, 23, 'Entreprenariat', 20, 40, 'Période + Ex'),
(901, 1, 46, 1, 23, 'Microbiologie alimentaire', 20, 40, 'Période + Ex'),
(902, 1, 46, 1, 23, 'Physique', 20, 40, 'Période + Ex'),
(903, 1, 46, 1, 24, 'Anatomie & Physiologie', 30, 60, 'Période + Ex'),
(904, 1, 46, 1, 24, 'Biologie', 30, 60, 'Période + Ex'),
(905, 1, 46, 1, 24, 'Diététique ', 30, 60, 'Période + Ex'),
(906, 1, 46, 1, 24, 'Technologie culinaire', 30, 60, 'Période + Ex'),
(907, 1, 46, 1, 25, 'Français', 40, 80, 'Période + Ex'),
(908, 1, 46, 1, 25, 'Mathématiques', 40, 80, 'Période + Ex'),
(909, 1, 46, 1, 26, 'Pratique Professionnelle', 100, 0, 'Période + Ex'),
(910, 1, 46, 1, 26, 'Stage', 100, 0, 'Période + Ex'),
(911, 1, 51, 1, 22, 'Ed. Civ. & Morale', 10, 20, 'Période + Ex'),
(912, 1, 51, 1, 22, 'Géographie', 10, 20, 'Période + Ex'),
(913, 1, 51, 1, 22, 'Histoire', 10, 20, 'Période + Ex'),
(914, 1, 51, 1, 22, 'Informatique', 10, 20, 'Période + Ex'),
(915, 1, 51, 1, 22, 'Physique', 10, 20, 'Période + Ex'),
(916, 1, 51, 1, 23, 'Anglais', 20, 40, 'Période + Ex'),
(917, 1, 51, 1, 23, 'Chimie', 20, 40, 'Période + Ex'),
(918, 1, 51, 1, 23, 'Entreprenariat', 20, 40, 'Période + Ex'),
(919, 1, 51, 1, 24, 'Anatomie & Physiologie', 30, 60, 'Période + Ex'),
(920, 1, 51, 1, 24, 'Diététique ', 30, 60, 'Période + Ex'),
(921, 1, 51, 1, 24, 'Français', 30, 60, 'Période + Ex'),
(922, 1, 51, 1, 24, 'Mathématiques', 30, 60, 'Période + Ex'),
(923, 1, 51, 1, 24, 'Technologie culinaire', 30, 60, 'Période + Ex'),
(924, 1, 51, 1, 25, 'Pratique Professionnelle', 100, 0, 'Période Seulement'),
(925, 1, 51, 1, 25, 'Stage', 100, 0, 'Période + Ex'),
(926, 1, 37, 1, 32, 'Algèbre, Stat et Analy.', 40, 80, 'Période + Ex'),
(927, 1, 37, 1, 32, 'Géom. et Trigo', 20, 40, 'Période + Ex'),
(928, 1, 37, 1, 32, 'Dessin scientifique', 10, 20, 'Période + Ex'),
(929, 1, 37, 1, 33, 'Biologie générale', 20, 40, 'Période + Ex'),
(930, 1, 37, 1, 33, 'Microbiologie', 10, 20, 'Période + Ex'),
(931, 1, 37, 1, 33, 'Géologie', 10, 20, 'Période + Ex'),
(932, 1, 37, 1, 34, 'Chimie', 30, 60, 'Période + Ex'),
(933, 1, 37, 1, 17, 'Physique', 30, 60, 'Période + Ex'),
(934, 1, 37, 1, 17, 'Tech. d\'Info. & Com (TIC)', 10, 20, 'Période + Ex'),
(935, 1, 37, 1, 35, 'Français', 50, 100, 'Période + Ex'),
(936, 1, 37, 1, 35, 'Anglais', 30, 60, 'Période + Ex'),
(937, 1, 37, 1, 36, 'Ed. Civ. & Morale', 20, 40, 'Période + Ex'),
(938, 1, 37, 1, 18, 'Géographie', 20, 40, 'Période + Ex'),
(939, 1, 37, 1, 36, 'Histoire', 20, 40, 'Période + Ex'),
(940, 1, 37, 1, 36, 'Education à la vie', 10, 20, 'Période + Ex'),
(941, 1, 37, 1, 36, 'Sociologie Africaine', 20, 40, 'Période + Ex'),
(942, 1, 37, 1, 37, 'Education physique', 10, 20, 'Période + Ex'),
(943, 1, 42, 1, 36, 'Ed. Civ. & Morale', 10, 20, 'Période + Ex'),
(944, 1, 42, 1, 36, 'Education à la vie', 10, 20, 'Période + Ex'),
(945, 1, 42, 1, 15, 'Algèbre ', 30, 60, 'Période + Ex'),
(946, 1, 42, 1, 32, 'Géométrie-trigo', 20, 40, 'Période + Ex'),
(947, 1, 42, 1, 32, 'Statistique', 10, 20, 'Période + Ex'),
(948, 1, 42, 1, 32, 'Dessin scientifique', 10, 20, 'Période + Ex'),
(949, 1, 42, 1, 33, 'Biologie', 20, 40, 'Période + Ex'),
(950, 1, 42, 1, 33, 'Microbiologie', 10, 20, 'Période + Ex'),
(951, 1, 42, 1, 33, 'Géologie', 10, 20, 'Période + Ex'),
(952, 1, 42, 1, 34, 'Physique', 30, 60, 'Période + Ex'),
(953, 1, 42, 1, 34, 'Chimie', 30, 60, 'Période + Ex'),
(954, 1, 42, 1, 34, 'Tech. d\'Info. & Com (TIC)', 10, 20, 'Période + Ex'),
(955, 1, 42, 1, 35, 'Français', 50, 100, 'Période + Ex'),
(956, 1, 42, 1, 35, 'Anglais', 30, 60, 'Période + Ex'),
(957, 1, 42, 1, 36, 'Géographie', 20, 40, 'Période + Ex'),
(958, 1, 42, 1, 36, 'Histoire', 20, 40, 'Période + Ex'),
(959, 1, 42, 1, 36, 'Economie politique', 20, 40, 'Période + Ex'),
(960, 1, 42, 1, 37, 'Education Physique', 10, 20, 'Période + Ex'),
(961, 1, 47, 1, 36, 'Ed. Civ. & Morale', 10, 20, 'Période + Ex'),
(962, 1, 47, 1, 36, 'Education à la vie', 10, 20, 'Période + Ex'),
(963, 1, 47, 1, 32, 'Algèbre ', 30, 60, 'Période + Ex'),
(964, 1, 47, 1, 32, 'Géométrie-trigo', 20, 40, 'Période + Ex'),
(965, 1, 47, 1, 32, 'Statistique', 10, 20, 'Période + Ex'),
(966, 1, 47, 1, 32, 'Dessin scientifique', 10, 20, 'Période + Ex'),
(967, 1, 47, 1, 33, 'Biologie', 20, 40, 'Période + Ex'),
(968, 1, 47, 1, 33, 'Ecologie', 10, 20, 'Période + Ex'),
(969, 1, 1, 1, 33, 'Géologie & SVS', 10, 20, 'Période + Ex'),
(970, 1, 47, 1, 34, 'Physique', 30, 60, 'Période + Ex'),
(971, 1, 47, 1, 34, 'Chimie', 30, 60, 'Période + Ex'),
(972, 1, 47, 1, 34, 'Tech. d\'Info. & Com (TIC)', 10, 20, 'Période + Ex'),
(973, 1, 47, 1, 35, 'Français', 50, 100, 'Période + Ex'),
(974, 1, 47, 1, 35, 'Anglais', 30, 60, 'Période + Ex'),
(975, 1, 47, 1, 36, 'Géographie', 20, 40, 'Période + Ex'),
(976, 1, 47, 1, 36, 'Histoire', 20, 40, 'Période + Ex'),
(977, 1, 47, 1, 36, 'Esthétique', 20, 40, 'Période + Ex'),
(978, 1, 47, 1, 37, 'Education Physique', 10, 20, 'Période + Ex'),
(979, 1, 52, 1, 36, 'Ed. Civ. & Morale', 10, 20, 'Période + Ex'),
(980, 1, 52, 1, 36, 'Education à la vie', 10, 20, 'Période + Ex'),
(981, 1, 52, 1, 32, 'Algèbre ', 30, 60, 'Période + Ex'),
(982, 1, 52, 1, 32, 'Géométrie-trigo', 20, 40, 'Période + Ex'),
(983, 1, 52, 1, 32, 'Probabilité', 10, 20, 'Période + Ex'),
(984, 1, 52, 1, 32, 'Dessin scientifique', 10, 20, 'Période + Ex'),
(985, 1, 52, 1, 33, 'Biologie', 20, 40, 'Période + Ex'),
(986, 1, 52, 1, 33, 'Ecologie', 10, 20, 'Période + Ex'),
(987, 1, 52, 1, 33, 'Evolution', 10, 20, 'Période + Ex'),
(988, 1, 52, 1, 17, 'Physique', 30, 60, 'Période + Ex'),
(989, 1, 52, 1, 34, 'Chimie', 30, 60, 'Période + Ex'),
(990, 1, 52, 1, 34, 'Tech. d\'Info. & Com (TIC)', 10, 20, 'Période + Ex'),
(991, 1, 52, 1, 35, 'Français', 50, 100, 'Période + Ex'),
(992, 1, 52, 1, 35, 'Anglais', 30, 60, 'Période + Ex'),
(993, 1, 52, 1, 36, 'Géographie', 20, 40, 'Période + Ex'),
(994, 1, 52, 1, 36, 'Histoire', 20, 40, 'Période + Ex'),
(995, 1, 52, 1, 36, 'Philosophie', 20, 40, 'Période + Ex'),
(996, 1, 34, 1, 10, 'Laboratoire Electrique', 10, 20, 'Période + Ex'),
(997, 1, 34, 1, 10, 'Instr. Meth. Mes.', 10, 20, 'Période + Ex'),
(998, 1, 34, 1, 4, 'Electronique numérique', 20, 40, 'Période + Ex'),
(999, 1, 35, 1, 4, 'Education physique', 10, 20, 'Période + Ex'),
(1000, 1, 39, 1, 3, 'Mécanique générale', 40, 80, 'Période + Ex'),
(1001, 1, 39, 1, 36, 'Histoire', 20, 40, 'Période + Ex');

-- --------------------------------------------------------

--
-- Structure de la table `t_decision`
--

CREATE TABLE `t_decision` (
  `idD` int(11) NOT NULL,
  `idI` int(11) NOT NULL,
  `idC` int(11) NOT NULL,
  `idA` int(11) NOT NULL,
  `idC_` int(11) NOT NULL,
  `idA_` int(11) NOT NULL,
  `pourc` double(11,2) DEFAULT NULL,
  `decJury` varchar(50) DEFAULT NULL
) ENGINE=InnoDB DEFAULT CHARSET=utf8mb4 COLLATE=utf8mb4_general_ci;

-- --------------------------------------------------------

--
-- Structure de la table `t_frais`
--

CREATE TABLE `t_frais` (
  `idF` int(11) NOT NULL,
  `idTF` int(11) NOT NULL,
  `idUser` int(11) NOT NULL,
  `idA` int(11) NOT NULL,
  `idI` int(11) NOT NULL,
  `montF` double(11,2) NOT NULL,
  `etatF` int(11) NOT NULL,
  `dateF` datetime NOT NULL DEFAULT current_timestamp()
) ENGINE=InnoDB DEFAULT CHARSET=utf8mb4 COLLATE=utf8mb4_general_ci;

-- --------------------------------------------------------

--
-- Structure de la table `t_frais2`
--

CREATE TABLE `t_frais2` (
  `idF` int(11) NOT NULL,
  `idTF` int(11) NOT NULL,
  `idUser` int(11) NOT NULL,
  `idA` int(11) NOT NULL,
  `montF` double(11,2) NOT NULL,
  `etatF` int(11) NOT NULL,
  `dateF` date NOT NULL,
  `idI` int(11) NOT NULL
) ENGINE=InnoDB DEFAULT CHARSET=utf8mb4 COLLATE=utf8mb4_general_ci;

-- --------------------------------------------------------

--
-- Structure de la table `t_inscrit`
--

CREATE TABLE `t_inscrit` (
  `idI` int(11) NOT NULL,
  `idC` int(11) NOT NULL,
  `idA` int(11) NOT NULL,
  `idUser` int(11) NOT NULL,
  `photo` varchar(150) NOT NULL,
  `nom` varchar(100) NOT NULL,
  `nation` varchar(100) NOT NULL,
  `sexe` varchar(50) NOT NULL,
  `ln` varchar(100) NOT NULL,
  `dn` varchar(50) NOT NULL,
  `ep` varchar(100) NOT NULL,
  `nomP` varchar(100) NOT NULL,
  `profP` varchar(50) NOT NULL,
  `telP` varchar(50) NOT NULL,
  `nomM` varchar(100) NOT NULL,
  `profM` varchar(50) NOT NULL,
  `telM` varchar(50) NOT NULL,
  `pD` varchar(100) NOT NULL,
  `trans` varchar(100) NOT NULL,
  `hop` varchar(100) NOT NULL,
  `adresse` varchar(100) NOT NULL,
  `numMat` varchar(50) NOT NULL,
  `catEcole` varchar(30) NOT NULL,
  `etatI` varchar(10) NOT NULL,
  `dateI` date NOT NULL DEFAULT current_timestamp()
) ENGINE=InnoDB DEFAULT CHARSET=utf8mb4 COLLATE=utf8mb4_general_ci;

--
-- Déchargement des données de la table `t_inscrit`
--

INSERT INTO `t_inscrit` (`idI`, `idC`, `idA`, `idUser`, `photo`, `nom`, `nation`, `sexe`, `ln`, `dn`, `ep`, `nomP`, `profP`, `telP`, `nomM`, `profM`, `telM`, `pD`, `trans`, `hop`, `adresse`, `numMat`, `catEcole`, `etatI`, `dateI`) VALUES
(1, 9, 1, 2, 'ELEVE-66366ae83d7fc1.38071932.jpg', 'MURHULA KABI GRACE', 'CONGOLAISE', 'Masculin', 'BUKAVU', '1993-02-15', '-', 'KABI ABEL', 'Pasteur', '976526633', 'KULIMUSHI MINANI', '', '', '', '', '', 'BUKAVU', '00001/023-024', 'Primaire', '0', '0000-00-00'),
(2, 9, 1, 2, 'ELEVE-663a4fa7127890.37134295.jpg', 'ZIRHUMANA CHRISTIAN', 'CONGOLAISE', 'Masculin', 'BUKAVU', '2000-10-10', '-', 'KABI', 'RAS', '998455380', 'NSIGIRE', '', '', '', '', '', 'BUKAVU', '00002/023-024', 'Primaire', '0', '2024-05-07');

-- --------------------------------------------------------

--
-- Structure de la table `t_option`
--

CREATE TABLE `t_option` (
  `idO` int(11) NOT NULL,
  `designO` varchar(100) NOT NULL
) ENGINE=InnoDB DEFAULT CHARSET=utf8mb4 COLLATE=utf8mb4_general_ci;

--
-- Déchargement des données de la table `t_option`
--

INSERT INTO `t_option` (`idO`, `designO`) VALUES
(1, 'MATERNELLE'),
(2, 'PRIMAIRE'),
(3, 'EDUCATION DE BASE'),
(4, 'COMMERCIALE DE GESTION'),
(5, 'ELECTRICITE'),
(6, 'NUTRITION'),
(7, 'LITTERAIRE'),
(8, 'SCIENTIFIQUE');

-- --------------------------------------------------------

--
-- Structure de la table `t_payered`
--

CREATE TABLE `t_payered` (
  `idPR` int(11) NOT NULL,
  `idR` int(11) NOT NULL,
  `idUser` int(11) NOT NULL,
  `montPR` double(11,2) NOT NULL,
  `datePR` date NOT NULL
) ENGINE=InnoDB DEFAULT CHARSET=utf8mb4 COLLATE=utf8mb4_general_ci;

-- --------------------------------------------------------

--
-- Structure de la table `t_presence`
--

CREATE TABLE `t_presence` (
  `idP` int(11) NOT NULL,
  `idUser` int(11) NOT NULL,
  `idI` int(11) NOT NULL,
  `hA` time NOT NULL,
  `hS` time NOT NULL,
  `eP` int(11) NOT NULL,
  `dateP` date NOT NULL DEFAULT current_timestamp()
) ENGINE=InnoDB DEFAULT CHARSET=utf8mb4 COLLATE=utf8mb4_general_ci;

--
-- Déchargement des données de la table `t_presence`
--

INSERT INTO `t_presence` (`idP`, `idUser`, `idI`, `hA`, `hS`, `eP`, `dateP`) VALUES
(1, 2, 1, '19:06:01', '00:00:00', 0, '0000-00-00'),
(2, 2, 2, '17:59:26', '18:01:19', 1, '2024-05-07');

-- --------------------------------------------------------

--
-- Structure de la table `t_punition`
--

CREATE TABLE `t_punition` (
  `idP` int(11) NOT NULL,
  `idI` int(11) NOT NULL,
  `motif` varchar(200) NOT NULL,
  `sanc` varchar(100) NOT NULL,
  `ddebut` date NOT NULL,
  `dfin` date NOT NULL,
  `statut` varchar(20) NOT NULL,
  `dateP` date NOT NULL DEFAULT current_timestamp()
) ENGINE=InnoDB DEFAULT CHARSET=utf8mb4 COLLATE=utf8mb4_general_ci;

--
-- Déchargement des données de la table `t_punition`
--

INSERT INTO `t_punition` (`idP`, `idI`, `motif`, `sanc`, `ddebut`, `dfin`, `statut`, `dateP`) VALUES
(1, 1, 'Dérangement', 'RAS', '2024-05-07', '2024-05-15', 'En cours', '2024-05-07'),
(2, 1, 'Faute grave', 'Exclusion', '2024-05-08', '2024-05-11', 'En cours', '2024-05-07'),
(3, 2, 'Derrangement', 'Exclusion', '2024-05-07', '2024-05-10', 'En cours', '2024-05-07'),
(4, 1, 'Derrangement', 'Travaux ', '2024-05-07', '2024-05-07', 'Terminee', '2024-05-07'),
(5, 2, 'Derrangement', 'Exclusion', '2024-05-08', '2024-05-16', 'En cours', '2024-05-07'),
(6, 1, 'Derrangement', 'Exclusion', '2024-05-08', '2024-05-10', 'En cours', '2024-05-07');

-- --------------------------------------------------------

--
-- Structure de la table `t_redevable`
--

CREATE TABLE `t_redevable` (
  `idR` int(11) NOT NULL,
  `idI` int(11) NOT NULL,
  `idC` int(11) NOT NULL,
  `idA` int(11) NOT NULL,
  `montR` double(11,2) NOT NULL
) ENGINE=InnoDB DEFAULT CHARSET=utf8mb4 COLLATE=utf8mb4_general_ci;

-- --------------------------------------------------------

--
-- Structure de la table `t_sous_categ`
--

CREATE TABLE `t_sous_categ` (
  `idSC` int(11) NOT NULL,
  `idCat` int(11) NOT NULL,
  `designSousCat` varchar(100) NOT NULL,
  `niveauSousCat` varchar(100) NOT NULL
) ENGINE=InnoDB DEFAULT CHARSET=utf8mb4 COLLATE=utf8mb4_general_ci;

--
-- Déchargement des données de la table `t_sous_categ`
--

INSERT INTO `t_sous_categ` (`idSC`, `idCat`, `designSousCat`, `niveauSousCat`) VALUES
(1, 2, 'FRANCAIS', '2'),
(2, 6, 'MATHEMATIQUE', '1'),
(3, 6, 'SCIENCES', '2'),
(4, 2, 'ANGLAIS', '1'),
(5, 6, 'INFORMATIQUE', '3'),
(6, 1, 'SOCIAL ET ENVIRONNEMENT', '1'),
(7, 4, 'EDUCATION ARTISTIQUE', '1'),
(8, 5, 'DEVELOPPEMENT PERSONNEL', '1'),
(9, 2, 'LECTURE - ECRITURE', '3'),
(10, 7, 'GROUPE I', '1'),
(11, 3, 'GROUPE IIIIIIIIIII', '1'),
(12, 8, 'GROUPE II', '1'),
(13, 9, 'GROUPE III', '1'),
(14, 10, 'GROUPE IV', '1'),
(15, 11, 'Sous-domaine des Mathématiques', '1'),
(16, 11, 'Sous-domaine des Sciences de la Vie et de la Terre', '2'),
(17, 11, 'Sous-domaine des Sciences Physiques, Technologie et TIC', '3'),
(18, 12, 'Sous-domaine de l\'Univers social et environnement ', '1'),
(19, 13, 'Sous-domaine des Arts', '1'),
(20, 14, 'Sous-domaine du Développement personnel ', '1'),
(21, 3, 'Sous-domaine des Langues', '1'),
(22, 15, 'Sous-domaine 1 - I', '1'),
(23, 16, 'Sous-domaine 1 - II', '1'),
(24, 17, 'Sous-domaine 1 - III', '1'),
(25, 18, 'Sous-domaine 1 - IV', '1'),
(26, 19, 'Sous-domaine 1 - V', '1'),
(27, 20, 'Sous-domaine 1 - VI', '1'),
(28, 21, 'Sous-domaine 1 - VII', '1'),
(29, 22, 'Sous-domaine 1 - VIII', '1'),
(30, 23, 'Sous-domaine 1 - IX', '1'),
(31, 24, 'Sous-domaine 1 - X', '1'),
(32, 25, 'Sous-domaine des Mathématiques - HUM', '1'),
(33, 25, 'Sous-domaine des Sciences de la Vie et de la Terre - HUM', '2'),
(34, 25, 'Sous-domaine des Sciences Phys, Tech & TIC - HUM', '3'),
(35, 26, 'Sous-domaine des Langues - HUM', '1'),
(36, 28, 'Sous-domaine de l\'Univers social et env. - HUM', '1'),
(37, 29, 'Sous-domaine du Dév. pers. - HUM', '1');

-- --------------------------------------------------------

--
-- Structure de la table `t_typeFrais`
--

CREATE TABLE `t_typeFrais` (
  `idTF` int(11) NOT NULL,
  `idA` int(11) NOT NULL,
  `idC` int(11) NOT NULL,
  `catTF` varchar(100) NOT NULL,
  `designTF` varchar(100) NOT NULL,
  `montTF` double(11,2) NOT NULL
) ENGINE=InnoDB DEFAULT CHARSET=utf8mb4 COLLATE=utf8mb4_general_ci;

-- --------------------------------------------------------

--
-- Structure de la table `t_visite`
--

CREATE TABLE `t_visite` (
  `idV` int(11) NOT NULL,
  `nomV` varchar(100) NOT NULL,
  `motifV` varchar(100) NOT NULL,
  `concV` varchar(100) NOT NULL,
  `haV` time NOT NULL,
  `dateV` datetime NOT NULL DEFAULT current_timestamp()
) ENGINE=InnoDB DEFAULT CHARSET=utf8mb4 COLLATE=utf8mb4_general_ci;

--
-- Index pour les tables déchargées
--

--
-- Index pour la table `agent`
--
ALTER TABLE `agent`
  ADD PRIMARY KEY (`idA`);

--
-- Index pour la table `avance`
--
ALTER TABLE `avance`
  ADD PRIMARY KEY (`idAv`);

--
-- Index pour la table `conge`
--
ALTER TABLE `conge`
  ADD PRIMARY KEY (`idC`);

--
-- Index pour la table `depense`
--
ALTER TABLE `depense`
  ADD PRIMARY KEY (`idDep`);

--
-- Index pour la table `lignedepense`
--
ALTER TABLE `lignedepense`
  ADD PRIMARY KEY (`idLd`);

--
-- Index pour la table `pargrh`
--
ALTER TABLE `pargrh`
  ADD PRIMARY KEY (`idPar`);

--
-- Index pour la table `presence`
--
ALTER TABLE `presence`
  ADD PRIMARY KEY (`idP`);

--
-- Index pour la table `salaire`
--
ALTER TABLE `salaire`
  ADD PRIMARY KEY (`idS`);

--
-- Index pour la table `t_aff_jury`
--
ALTER TABLE `t_aff_jury`
  ADD PRIMARY KEY (`idAJ`);

--
-- Index pour la table `t_an`
--
ALTER TABLE `t_an`
  ADD PRIMARY KEY (`idA`);

--
-- Index pour la table `t_autsortie`
--
ALTER TABLE `t_autsortie`
  ADD PRIMARY KEY (`idAut`);

--
-- Index pour la table `t_categ`
--
ALTER TABLE `t_categ`
  ADD PRIMARY KEY (`idCat`);

--
-- Index pour la table `t_classe`
--
ALTER TABLE `t_classe`
  ADD PRIMARY KEY (`idC`);

--
-- Index pour la table `t_cond_mat`
--
ALTER TABLE `t_cond_mat`
  ADD PRIMARY KEY (`idCM`);

--
-- Index pour la table `t_cond_pri`
--
ALTER TABLE `t_cond_pri`
  ADD PRIMARY KEY (`idCP`);

--
-- Index pour la table `t_cond_sec`
--
ALTER TABLE `t_cond_sec`
  ADD PRIMARY KEY (`idCP`);

--
-- Index pour la table `t_cote_mat`
--
ALTER TABLE `t_cote_mat`
  ADD PRIMARY KEY (`idCM`);

--
-- Index pour la table `t_cote_pri`
--
ALTER TABLE `t_cote_pri`
  ADD PRIMARY KEY (`idCP`);

--
-- Index pour la table `t_cote_sec`
--
ALTER TABLE `t_cote_sec`
  ADD PRIMARY KEY (`idCP`);

--
-- Index pour la table `t_cours`
--
ALTER TABLE `t_cours`
  ADD PRIMARY KEY (`idCours`);

--
-- Index pour la table `t_decision`
--
ALTER TABLE `t_decision`
  ADD PRIMARY KEY (`idD`);

--
-- Index pour la table `t_frais`
--
ALTER TABLE `t_frais`
  ADD PRIMARY KEY (`idF`);

--
-- Index pour la table `t_inscrit`
--
ALTER TABLE `t_inscrit`
  ADD PRIMARY KEY (`idI`);

--
-- Index pour la table `t_option`
--
ALTER TABLE `t_option`
  ADD PRIMARY KEY (`idO`);

--
-- Index pour la table `t_payered`
--
ALTER TABLE `t_payered`
  ADD PRIMARY KEY (`idPR`);

--
-- Index pour la table `t_presence`
--
ALTER TABLE `t_presence`
  ADD PRIMARY KEY (`idP`);

--
-- Index pour la table `t_punition`
--
ALTER TABLE `t_punition`
  ADD PRIMARY KEY (`idP`);

--
-- Index pour la table `t_redevable`
--
ALTER TABLE `t_redevable`
  ADD PRIMARY KEY (`idR`);

--
-- Index pour la table `t_sous_categ`
--
ALTER TABLE `t_sous_categ`
  ADD PRIMARY KEY (`idSC`);

--
-- Index pour la table `t_typeFrais`
--
ALTER TABLE `t_typeFrais`
  ADD PRIMARY KEY (`idTF`);

--
-- Index pour la table `t_visite`
--
ALTER TABLE `t_visite`
  ADD PRIMARY KEY (`idV`);

--
-- AUTO_INCREMENT pour les tables déchargées
--

--
-- AUTO_INCREMENT pour la table `agent`
--
ALTER TABLE `agent`
  MODIFY `idA` int(11) NOT NULL AUTO_INCREMENT;

--
-- AUTO_INCREMENT pour la table `avance`
--
ALTER TABLE `avance`
  MODIFY `idAv` int(11) NOT NULL AUTO_INCREMENT;

--
-- AUTO_INCREMENT pour la table `conge`
--
ALTER TABLE `conge`
  MODIFY `idC` int(11) NOT NULL AUTO_INCREMENT;

--
-- AUTO_INCREMENT pour la table `depense`
--
ALTER TABLE `depense`
  MODIFY `idDep` int(11) NOT NULL AUTO_INCREMENT;

--
-- AUTO_INCREMENT pour la table `lignedepense`
--
ALTER TABLE `lignedepense`
  MODIFY `idLd` int(11) NOT NULL AUTO_INCREMENT;

--
-- AUTO_INCREMENT pour la table `presence`
--
ALTER TABLE `presence`
  MODIFY `idP` int(11) NOT NULL AUTO_INCREMENT;

--
-- AUTO_INCREMENT pour la table `salaire`
--
ALTER TABLE `salaire`
  MODIFY `idS` int(11) NOT NULL AUTO_INCREMENT;

--
-- AUTO_INCREMENT pour la table `t_aff_jury`
--
ALTER TABLE `t_aff_jury`
  MODIFY `idAJ` int(11) NOT NULL AUTO_INCREMENT;

--
-- AUTO_INCREMENT pour la table `t_an`
--
ALTER TABLE `t_an`
  MODIFY `idA` int(11) NOT NULL AUTO_INCREMENT, AUTO_INCREMENT=3;

--
-- AUTO_INCREMENT pour la table `t_autsortie`
--
ALTER TABLE `t_autsortie`
  MODIFY `idAut` int(11) NOT NULL AUTO_INCREMENT, AUTO_INCREMENT=2;

--
-- AUTO_INCREMENT pour la table `t_categ`
--
ALTER TABLE `t_categ`
  MODIFY `idCat` int(11) NOT NULL AUTO_INCREMENT, AUTO_INCREMENT=30;

--
-- AUTO_INCREMENT pour la table `t_classe`
--
ALTER TABLE `t_classe`
  MODIFY `idC` int(11) NOT NULL AUTO_INCREMENT, AUTO_INCREMENT=53;

--
-- AUTO_INCREMENT pour la table `t_cond_mat`
--
ALTER TABLE `t_cond_mat`
  MODIFY `idCM` int(11) NOT NULL AUTO_INCREMENT;

--
-- AUTO_INCREMENT pour la table `t_cond_pri`
--
ALTER TABLE `t_cond_pri`
  MODIFY `idCP` int(11) NOT NULL AUTO_INCREMENT;

--
-- AUTO_INCREMENT pour la table `t_cond_sec`
--
ALTER TABLE `t_cond_sec`
  MODIFY `idCP` int(11) NOT NULL AUTO_INCREMENT;

--
-- AUTO_INCREMENT pour la table `t_cote_mat`
--
ALTER TABLE `t_cote_mat`
  MODIFY `idCM` int(11) NOT NULL AUTO_INCREMENT;

--
-- AUTO_INCREMENT pour la table `t_cote_pri`
--
ALTER TABLE `t_cote_pri`
  MODIFY `idCP` int(11) NOT NULL AUTO_INCREMENT;

--
-- AUTO_INCREMENT pour la table `t_cote_sec`
--
ALTER TABLE `t_cote_sec`
  MODIFY `idCP` int(11) NOT NULL AUTO_INCREMENT;

--
-- AUTO_INCREMENT pour la table `t_cours`
--
ALTER TABLE `t_cours`
  MODIFY `idCours` int(11) NOT NULL AUTO_INCREMENT, AUTO_INCREMENT=1002;

--
-- AUTO_INCREMENT pour la table `t_decision`
--
ALTER TABLE `t_decision`
  MODIFY `idD` int(11) NOT NULL AUTO_INCREMENT;

--
-- AUTO_INCREMENT pour la table `t_frais`
--
ALTER TABLE `t_frais`
  MODIFY `idF` int(11) NOT NULL AUTO_INCREMENT;

--
-- AUTO_INCREMENT pour la table `t_inscrit`
--
ALTER TABLE `t_inscrit`
  MODIFY `idI` int(11) NOT NULL AUTO_INCREMENT, AUTO_INCREMENT=3;

--
-- AUTO_INCREMENT pour la table `t_option`
--
ALTER TABLE `t_option`
  MODIFY `idO` int(11) NOT NULL AUTO_INCREMENT, AUTO_INCREMENT=9;

--
-- AUTO_INCREMENT pour la table `t_payered`
--
ALTER TABLE `t_payered`
  MODIFY `idPR` int(11) NOT NULL AUTO_INCREMENT;

--
-- AUTO_INCREMENT pour la table `t_presence`
--
ALTER TABLE `t_presence`
  MODIFY `idP` int(11) NOT NULL AUTO_INCREMENT, AUTO_INCREMENT=3;

--
-- AUTO_INCREMENT pour la table `t_punition`
--
ALTER TABLE `t_punition`
  MODIFY `idP` int(11) NOT NULL AUTO_INCREMENT, AUTO_INCREMENT=7;

--
-- AUTO_INCREMENT pour la table `t_redevable`
--
ALTER TABLE `t_redevable`
  MODIFY `idR` int(11) NOT NULL AUTO_INCREMENT;

--
-- AUTO_INCREMENT pour la table `t_sous_categ`
--
ALTER TABLE `t_sous_categ`
  MODIFY `idSC` int(11) NOT NULL AUTO_INCREMENT, AUTO_INCREMENT=38;

--
-- AUTO_INCREMENT pour la table `t_typeFrais`
--
ALTER TABLE `t_typeFrais`
  MODIFY `idTF` int(11) NOT NULL AUTO_INCREMENT;

--
-- AUTO_INCREMENT pour la table `t_visite`
--
ALTER TABLE `t_visite`
  MODIFY `idV` int(11) NOT NULL AUTO_INCREMENT;
COMMIT;

